CRAN Package Check Results for Package eco

Last updated on 2017-02-24 23:52:23.

Flavor Version Tinstall Tcheck Ttotal Status Flags
r-devel-linux-x86_64-debian-clang 3.1-7 6.00 19.91 25.90 NOTE
r-devel-linux-x86_64-debian-gcc 3.1-7 5.91 19.57 25.48 NOTE
r-devel-linux-x86_64-fedora-clang 3.1-7 44.01 NOTE --no-stop-on-test-error
r-devel-linux-x86_64-fedora-gcc 3.1-7 41.08 NOTE --no-stop-on-test-error
r-devel-macos-x86_64-clang 3.1-7 37.37 NOTE --no-stop-on-test-error
r-devel-windows-ix86+x86_64 3.1-7 62.00 44.00 106.00 NOTE
r-patched-linux-x86_64 3.1-7 5.09 17.97 23.06 NOTE
r-patched-solaris-sparc 3.1-7 258.10 NOTE
r-patched-solaris-x86 3.1-7 53.70 NOTE
r-release-linux-x86_64 3.1-7 5.44 17.71 23.15 NOTE
r-release-osx-x86_64-mavericks 3.1-7 NOTE
r-release-windows-ix86+x86_64 3.1-7 52.00 54.00 106.00 NOTE

Check Details

Version: 3.1-7
Check: R code for possible problems
Result: NOTE
    .onAttach: no visible global function definition for
     ‘packageDescription’
    eco: no visible global function definition for ‘terms’
    eco: no visible global function definition for ‘model.matrix’
    eco: no visible global function definition for ‘model.response’
    eco: no visible global function definition for ‘model.frame’
    ecoBD: no visible global function definition for ‘terms’
    ecoBD: no visible global function definition for ‘model.matrix’
    ecoBD: no visible global function definition for ‘model.response’
    ecoBD: no visible global function definition for ‘model.frame’
    ecoBD: no visible binding for global variable ‘weighted.mean’
    ecoML: no visible global function definition for ‘terms’
    ecoML: no visible global function definition for ‘model.matrix’
    ecoML: no visible global function definition for ‘model.response’
    ecoML: no visible global function definition for ‘model.frame’
    ecoNP: no visible global function definition for ‘terms’
    ecoNP: no visible global function definition for ‘model.matrix’
    ecoNP: no visible global function definition for ‘model.response’
    ecoNP: no visible global function definition for ‘model.frame’
    ecoRC: no visible global function definition for ‘terms’
    ecoRC: no visible global function definition for ‘model.matrix’
    ecoRC: no visible global function definition for ‘model.response’
    ecoRC: no visible global function definition for ‘model.frame’
    ecoX: no visible global function definition for ‘as.formula’
    ecoX: no visible global function definition for ‘model.matrix’
    ecoX: no visible global function definition for ‘model.response’
    ecoX: no visible global function definition for ‘model.frame’
    ecoX: no visible binding for global variable ‘predict’
    predict.eco: no visible global function definition for ‘coef’
    predict.ecoNP: no visible global function definition for ‘coef’
    predict.ecoNPX: no visible global function definition for ‘coef’
    predict.ecoX: no visible global function definition for ‘coef’
    predict.ecoX: no visible global function definition for ‘terms’
    predict.ecoX: no visible global function definition for ‘model.matrix’
    summary.eco: no visible global function definition for ‘sd’
    summary.eco: no visible global function definition for ‘quantile’
    summary.eco: no visible binding for global variable ‘sd’
    summary.eco: no visible binding for global variable ‘quantile’
    summary.ecoML: no visible global function definition for ‘sd’
    summary.ecoML: no visible global function definition for ‘quantile’
    summary.ecoML : weighted.var: no visible global function definition for
     ‘weighted.mean’
    summary.ecoML: no visible global function definition for
     ‘weighted.mean’
    summary.ecoNP: no visible global function definition for ‘sd’
    summary.ecoNP: no visible global function definition for ‘quantile’
    summary.ecoNP: no visible binding for global variable ‘sd’
    summary.ecoNP: no visible binding for global variable ‘quantile’
    summary.predict.eco: no visible global function definition for ‘sd’
    summary.predict.eco: no visible global function definition for
     ‘quantile’
    Undefined global functions or variables:
     as.formula coef model.frame model.matrix model.response
     packageDescription predict quantile sd terms weighted.mean
    Consider adding
     importFrom("stats", "as.formula", "coef", "model.frame",
     "model.matrix", "model.response", "predict", "quantile",
     "sd", "terms", "weighted.mean")
     importFrom("utils", "packageDescription")
    to your NAMESPACE file.
Flavors: r-devel-linux-x86_64-debian-clang, r-devel-linux-x86_64-debian-gcc, r-devel-windows-ix86+x86_64, r-patched-linux-x86_64, r-patched-solaris-sparc, r-patched-solaris-x86, r-release-linux-x86_64, r-release-osx-x86_64-mavericks, r-release-windows-ix86+x86_64

Version: 3.1-7
Check: compiled code
Result: NOTE
    File ‘eco/libs/eco.so’:
     Found no calls to: ‘R_registerRoutines’, ‘R_useDynamicSymbols’
    
    It is good practice to register native routines and to disable symbol
    search.
    
    See ‘Writing portable packages’ in the ‘Writing R Extensions’ manual.
Flavors: r-devel-linux-x86_64-debian-clang, r-devel-linux-x86_64-debian-gcc

Version: 3.1-7
Flags: --no-stop-on-test-error
Check: R code for possible problems
Result: NOTE
    .onAttach: no visible global function definition for
     ‘packageDescription’
    eco: no visible global function definition for ‘terms’
    eco: no visible global function definition for ‘model.matrix’
    eco: no visible global function definition for ‘model.response’
    eco: no visible global function definition for ‘model.frame’
    ecoBD: no visible global function definition for ‘terms’
    ecoBD: no visible global function definition for ‘model.matrix’
    ecoBD: no visible global function definition for ‘model.response’
    ecoBD: no visible global function definition for ‘model.frame’
    ecoBD: no visible binding for global variable ‘weighted.mean’
    ecoML: no visible global function definition for ‘terms’
    ecoML: no visible global function definition for ‘model.matrix’
    ecoML: no visible global function definition for ‘model.response’
    ecoML: no visible global function definition for ‘model.frame’
    ecoNP: no visible global function definition for ‘terms’
    ecoNP: no visible global function definition for ‘model.matrix’
    ecoNP: no visible global function definition for ‘model.response’
    ecoNP: no visible global function definition for ‘model.frame’
    ecoRC: no visible global function definition for ‘terms’
    ecoRC: no visible global function definition for ‘model.matrix’
    ecoRC: no visible global function definition for ‘model.response’
    ecoRC: no visible global function definition for ‘model.frame’
    ecoX: no visible global function definition for ‘as.formula’
    ecoX: no visible global function definition for ‘model.matrix’
    ecoX: no visible global function definition for ‘model.response’
    ecoX: no visible global function definition for ‘model.frame’
    ecoX: no visible binding for global variable ‘predict’
    predict.eco: no visible global function definition for ‘coef’
    predict.ecoNP: no visible global function definition for ‘coef’
    predict.ecoNPX: no visible global function definition for ‘coef’
    predict.ecoX: no visible global function definition for ‘coef’
    predict.ecoX: no visible global function definition for ‘terms’
    predict.ecoX: no visible global function definition for ‘model.matrix’
    summary.eco: no visible global function definition for ‘sd’
    summary.eco: no visible global function definition for ‘quantile’
    summary.eco: no visible binding for global variable ‘sd’
    summary.eco: no visible binding for global variable ‘quantile’
    summary.ecoML: no visible global function definition for ‘sd’
    summary.ecoML: no visible global function definition for ‘quantile’
    summary.ecoML : weighted.var: no visible global function definition for
     ‘weighted.mean’
    summary.ecoML: no visible global function definition for
     ‘weighted.mean’
    summary.ecoNP: no visible global function definition for ‘sd’
    summary.ecoNP: no visible global function definition for ‘quantile’
    summary.ecoNP: no visible binding for global variable ‘sd’
    summary.ecoNP: no visible binding for global variable ‘quantile’
    summary.predict.eco: no visible global function definition for ‘sd’
    summary.predict.eco: no visible global function definition for
     ‘quantile’
    Undefined global functions or variables:
     as.formula coef model.frame model.matrix model.response
     packageDescription predict quantile sd terms weighted.mean
    Consider adding
     importFrom("stats", "as.formula", "coef", "model.frame",
     "model.matrix", "model.response", "predict", "quantile",
     "sd", "terms", "weighted.mean")
     importFrom("utils", "packageDescription")
    to your NAMESPACE file.
Flavors: r-devel-linux-x86_64-fedora-clang, r-devel-linux-x86_64-fedora-gcc, r-devel-macos-x86_64-clang

Version: 3.1-7
Flags: --no-stop-on-test-error
Check: compiled code
Result: NOTE
    File ‘eco/libs/eco.so’:
     Found no calls to: ‘R_registerRoutines’, ‘R_useDynamicSymbols’
    
    It is good practice to register native routines and to disable symbol
    search.
    
    See ‘Writing portable packages’ in the ‘Writing R Extensions’ manual.
Flavors: r-devel-linux-x86_64-fedora-clang, r-devel-linux-x86_64-fedora-gcc, r-devel-macos-x86_64-clang