CRAN Package Check Results for Package edci

Last updated on 2017-02-24 23:52:24.

Flavor Version Tinstall Tcheck Ttotal Status Flags
r-devel-linux-x86_64-debian-clang 1.1-2 1.70 13.77 15.47 NOTE
r-devel-linux-x86_64-debian-gcc 1.1-2 1.71 13.82 15.53 NOTE
r-devel-linux-x86_64-fedora-clang 1.1-2 28.29 NOTE --no-stop-on-test-error
r-devel-linux-x86_64-fedora-gcc 1.1-2 26.17 NOTE --no-stop-on-test-error
r-devel-macos-x86_64-clang 1.1-2 23.16 NOTE --no-stop-on-test-error
r-devel-windows-ix86+x86_64 1.1-2 8.00 46.00 54.00 OK
r-patched-linux-x86_64 1.1-2 1.52 11.71 13.23 OK
r-patched-solaris-sparc 1.1-2 136.70 OK
r-patched-solaris-x86 1.1-2 32.30 OK
r-release-linux-x86_64 1.1-2 1.52 11.75 13.27 OK
r-release-osx-x86_64-mavericks 1.1-2 OK
r-release-windows-ix86+x86_64 1.1-2 7.00 33.00 40.00 OK
r-oldrel-windows-ix86+x86_64 1.1-2 8.00 30.00 38.00 OK

Check Details

Version: 1.1-2
Check: compiled code
Result: NOTE
    File ‘edci/libs/edci.so’:
     Found no calls to: ‘R_registerRoutines’, ‘R_useDynamicSymbols’
    
    It is good practice to register native routines and to disable symbol
    search.
    
    See ‘Writing portable packages’ in the ‘Writing R Extensions’ manual.
Flavors: r-devel-linux-x86_64-debian-clang, r-devel-linux-x86_64-debian-gcc

Version: 1.1-2
Flags: --no-stop-on-test-error
Check: compiled code
Result: NOTE
    File ‘edci/libs/edci.so’:
     Found no calls to: ‘R_registerRoutines’, ‘R_useDynamicSymbols’
    
    It is good practice to register native routines and to disable symbol
    search.
    
    See ‘Writing portable packages’ in the ‘Writing R Extensions’ manual.
Flavors: r-devel-linux-x86_64-fedora-clang, r-devel-linux-x86_64-fedora-gcc, r-devel-macos-x86_64-clang