Last updated on 2017-02-24 23:52:24.
Flavor | Version | Tinstall | Tcheck | Ttotal | Status | Flags |
---|---|---|---|---|---|---|
r-devel-linux-x86_64-debian-clang | 2.4-4 | 16.97 | 62.01 | 78.98 | NOTE | |
r-devel-linux-x86_64-debian-gcc | 2.4-4 | 17.54 | 60.79 | 78.33 | NOTE | |
r-devel-linux-x86_64-fedora-clang | 2.4-4 | 166.36 | NOTE | --no-stop-on-test-error | ||
r-devel-linux-x86_64-fedora-gcc | 2.4-4 | 153.26 | NOTE | --no-stop-on-test-error | ||
r-devel-macos-x86_64-clang | 2.4-4 | 129.47 | NOTE | --no-stop-on-test-error | ||
r-devel-windows-ix86+x86_64 | 2.4-4 | 113.00 | 173.00 | 286.00 | OK | |
r-patched-linux-x86_64 | 2.4-4 | 15.35 | 59.20 | 74.55 | OK | |
r-patched-solaris-sparc | 2.4-4 | 853.40 | OK | |||
r-patched-solaris-x86 | 2.4-4 | 176.70 | OK | |||
r-release-linux-x86_64 | 2.4-4 | 15.35 | 58.73 | 74.07 | OK | |
r-release-osx-x86_64-mavericks | 2.4-4 | OK | ||||
r-release-windows-ix86+x86_64 | 2.4-4 | 78.00 | 165.00 | 243.00 | OK | |
r-oldrel-windows-ix86+x86_64 | 2.4-4 | 113.00 | 225.00 | 338.00 | OK |
Version: 2.4-4
Check: compiled code
Result: NOTE
File ‘eha/libs/eha.so’:
Found no calls to: ‘R_registerRoutines’, ‘R_useDynamicSymbols’
It is good practice to register native routines and to disable symbol
search.
See ‘Writing portable packages’ in the ‘Writing R Extensions’ manual.
Flavors: r-devel-linux-x86_64-debian-clang, r-devel-linux-x86_64-debian-gcc
Version: 2.4-4
Flags: --no-stop-on-test-error
Check: compiled code
Result: NOTE
File ‘eha/libs/eha.so’:
Found no calls to: ‘R_registerRoutines’, ‘R_useDynamicSymbols’
It is good practice to register native routines and to disable symbol
search.
See ‘Writing portable packages’ in the ‘Writing R Extensions’ manual.
Flavors: r-devel-linux-x86_64-fedora-clang, r-devel-linux-x86_64-fedora-gcc, r-devel-macos-x86_64-clang