CRAN Package Check Results for Package emdbook

Last updated on 2017-02-24 23:52:24.

Flavor Version Tinstall Tcheck Ttotal Status Flags
r-devel-linux-x86_64-debian-clang 1.3.9 1.58 27.52 29.10 OK
r-devel-linux-x86_64-debian-gcc 1.3.9 1.51 26.42 27.94 OK
r-devel-linux-x86_64-fedora-clang 1.3.9 48.59 OK --no-stop-on-test-error
r-devel-linux-x86_64-fedora-gcc 1.3.9 43.75 OK --no-stop-on-test-error
r-devel-macos-x86_64-clang 1.3.9 39.91 OK --no-stop-on-test-error
r-devel-windows-ix86+x86_64 1.3.9 15.00 71.00 86.00 OK
r-patched-linux-x86_64 1.3.9 1.44 20.71 22.15 OK
r-patched-solaris-sparc 1.3.9 256.80 OK
r-patched-solaris-x86 1.3.9 54.90 OK
r-release-linux-x86_64 1.3.9 1.44 20.54 21.97 OK
r-release-osx-x86_64-mavericks 1.3.9 NOTE
r-release-windows-ix86+x86_64 1.3.9 7.00 62.00 69.00 OK
r-oldrel-windows-ix86+x86_64 1.3.9 14.00 55.00 69.00 OK

Check Details

Version: 1.3.9
Check: dependencies in R code
Result: NOTE
    Invalid MIT-MAGIC-COOKIE-1 key
Flavor: r-release-osx-x86_64-mavericks