CRAN Package Check Results for Package empiricalFDR.DESeq2

Last updated on 2017-02-24 23:52:24.

Flavor Version Tinstall Tcheck Ttotal Status Flags
r-devel-linux-x86_64-debian-clang 1.0.3 11.82 125.87 137.69 NOTE
r-devel-linux-x86_64-debian-gcc 1.0.3 11.75 126.65 138.40 NOTE
r-devel-linux-x86_64-fedora-clang 1.0.3 297.67 NOTE --no-stop-on-test-error
r-devel-linux-x86_64-fedora-gcc 1.0.3 286.18 NOTE --no-stop-on-test-error
r-devel-macos-x86_64-clang 1.0.3 233.81 NOTE --no-stop-on-test-error
r-devel-windows-ix86+x86_64 1.0.3 31.00 247.00 278.00 NOTE
r-patched-linux-x86_64 1.0.3 10.04 110.82 120.86 NOTE
r-patched-solaris-sparc 1.0.3 1494.50 NOTE
r-patched-solaris-x86 1.0.3 329.50 NOTE
r-release-linux-x86_64 1.0.3 10.29 110.71 121.01 NOTE
r-release-osx-x86_64-mavericks 1.0.3 NOTE
r-release-windows-ix86+x86_64 1.0.3 28.00 184.00 212.00 NOTE
r-oldrel-windows-ix86+x86_64 1.0.3 30.00 182.00 212.00 OK

Check Details

Version: 1.0.3
Check: R code for possible problems
Result: NOTE
    empiricalFDR: no visible global function definition for ‘axis’
    empiricalFDR: no visible global function definition for ‘loess’
    empiricalFDR: no visible global function definition for ‘predict’
    empiricalFDR: no visible global function definition for ‘lines’
    empiricalFDR: no visible global function definition for ‘abline’
    fdrBiCurve: no visible global function definition for ‘plot’
    fdrBiCurve: no visible global function definition for ‘axis’
    fdrBiCurve: no visible global function definition for ‘lines’
    fdrBiCurve: no visible global function definition for ‘abline’
    fdrBiCurve: no visible global function definition for ‘legend’
    simulateCounts: no visible global function definition for
     ‘txtProgressBar’
    simulateCounts: no visible global function definition for
     ‘setTxtProgressBar’
    simulateCounts: no visible global function definition for ‘rnorm’
    simulateCounts: no visible global function definition for ‘hist’
    simulateCounts: no visible global function definition for ‘colData’
    Undefined global functions or variables:
     abline axis colData hist legend lines loess plot predict rnorm
     setTxtProgressBar txtProgressBar
    Consider adding
     importFrom("graphics", "abline", "axis", "hist", "legend", "lines",
     "plot")
     importFrom("stats", "loess", "predict", "rnorm")
     importFrom("utils", "setTxtProgressBar", "txtProgressBar")
    to your NAMESPACE file.
Flavors: r-devel-linux-x86_64-debian-clang, r-devel-linux-x86_64-debian-gcc, r-devel-windows-ix86+x86_64, r-patched-linux-x86_64, r-patched-solaris-sparc, r-patched-solaris-x86, r-release-linux-x86_64, r-release-osx-x86_64-mavericks, r-release-windows-ix86+x86_64

Version: 1.0.3
Flags: --no-stop-on-test-error
Check: R code for possible problems
Result: NOTE
    empiricalFDR: no visible global function definition for ‘axis’
    empiricalFDR: no visible global function definition for ‘loess’
    empiricalFDR: no visible global function definition for ‘predict’
    empiricalFDR: no visible global function definition for ‘lines’
    empiricalFDR: no visible global function definition for ‘abline’
    fdrBiCurve: no visible global function definition for ‘plot’
    fdrBiCurve: no visible global function definition for ‘axis’
    fdrBiCurve: no visible global function definition for ‘lines’
    fdrBiCurve: no visible global function definition for ‘abline’
    fdrBiCurve: no visible global function definition for ‘legend’
    simulateCounts: no visible global function definition for
     ‘txtProgressBar’
    simulateCounts: no visible global function definition for
     ‘setTxtProgressBar’
    simulateCounts: no visible global function definition for ‘rnorm’
    simulateCounts: no visible global function definition for ‘hist’
    simulateCounts: no visible global function definition for ‘colData’
    Undefined global functions or variables:
     abline axis colData hist legend lines loess plot predict rnorm
     setTxtProgressBar txtProgressBar
    Consider adding
     importFrom("graphics", "abline", "axis", "hist", "legend", "lines",
     "plot")
     importFrom("stats", "loess", "predict", "rnorm")
     importFrom("utils", "setTxtProgressBar", "txtProgressBar")
    to your NAMESPACE file.
Flavors: r-devel-linux-x86_64-fedora-clang, r-devel-linux-x86_64-fedora-gcc, r-devel-macos-x86_64-clang