CRAN Package Check Results for Package equateIRT

Last updated on 2017-02-24 23:52:24.

Flavor Version Tinstall Tcheck Ttotal Status Flags
r-devel-linux-x86_64-debian-clang 2.0-1 3.16 124.56 127.72 OK
r-devel-linux-x86_64-debian-gcc 2.0-1 3.22 129.04 132.25 OK
r-devel-linux-x86_64-fedora-clang 2.0-1 259.84 OK --no-stop-on-test-error
r-devel-linux-x86_64-fedora-gcc 2.0-1 248.11 OK --no-stop-on-test-error
r-devel-macos-x86_64-clang 2.0-1 195.49 OK --no-stop-on-test-error
r-devel-windows-ix86+x86_64 2.0-1 20.00 269.00 289.00 OK
r-patched-linux-x86_64 2.0-1 3.32 111.88 115.20 OK
r-patched-solaris-sparc 2.0-1 1517.10 OK
r-patched-solaris-x86 2.0-1 359.60 OK
r-release-linux-x86_64 2.0-1 3.25 120.98 124.23 OK
r-release-osx-x86_64-mavericks 2.0-1 NOTE
r-release-windows-ix86+x86_64 2.0-1 10.00 252.00 262.00 OK
r-oldrel-windows-ix86+x86_64 2.0-1 14.00 363.00 377.00 OK

Check Details

Version: 2.0-1
Check: re-building of vignette outputs
Result: NOTE
    Error in re-building vignettes:
     ...
    ! LaTeX Error: Missing \begin{document}.
    
    See the LaTeX manual or LaTeX Companion for explanation.
    Type H <return> for immediate help.
     ...
    ! Extra }, or forgotten \endgroup.
    l.15 ...<e5><81>h ԂXqI<a9><c9><c0>H^^H<b5>N<93>K<c6>C<99><e0>^^D_i<aa>:<d3>&<96><df><e2><d7>9<dc><e7>/}
     <c4>v,Gg!<c6>wν<ba><e7><9e><df>=<f7>|\ydkk<8b>N.<8d>...
    I've deleted a group-closing symbol because it seems to be
    spurious, as in `$x}$'. But perhaps the } is legitimate and
    ! Undefined control sequence.
    l.15 ...<99><e0>^^D_i<aa>:<d3>&<96><df><e2><d7
    Calls: buildVignettes -> texi2pdf -> texi2dvi
    In addition: Warning messages:
    1: In grepl("(Rerun to get|biblatex.*\\(re\\)run)", readLines(log, :
     input string 390 is invalid in this locale
    2: In grepl("(Rerun to get|biblatex.*\\(re\\)run)", readLines(log, :
     input string 391 is invalid in this locale
    3: In grepl("(Rerun to get|biblatex.*\\(re\\)run)", readLines(log, :
     input string 405 is invalid in this locale
    4: In grepl("(Rerun to get|biblatex.*\\(re\\)run)", readLines(log, :
     input string 406 is invalid in this locale
    5: In grepl("(Rerun to get|biblatex.*\\(re\\)run)", readLines(log, :
     input string 412 is invalid in this locale
    Execution halted
Flavor: r-release-osx-x86_64-mavericks