CRAN Package Check Results for Package etasFLP

Last updated on 2017-02-24 23:52:24.

Flavor Version Tinstall Tcheck Ttotal Status Flags
r-devel-linux-x86_64-debian-clang 1.4.0 3.10 29.85 32.95 NOTE
r-devel-linux-x86_64-debian-gcc 1.4.0 3.28 30.01 33.29 NOTE
r-devel-linux-x86_64-fedora-clang 1.4.0 61.39 NOTE --no-stop-on-test-error
r-devel-linux-x86_64-fedora-gcc 1.4.0 58.46 NOTE --no-stop-on-test-error
r-devel-macos-x86_64-clang 1.4.0 52.13 NOTE --no-stop-on-test-error
r-devel-windows-ix86+x86_64 1.4.0 29.00 96.00 125.00 OK
r-patched-linux-x86_64 1.4.0 3.11 28.80 31.90 OK
r-patched-solaris-sparc 1.4.0 352.00 OK
r-patched-solaris-x86 1.4.0 75.50 OK
r-release-linux-x86_64 1.4.0 3.40 28.88 32.28 OK
r-release-osx-x86_64-mavericks 1.4.0 OK
r-release-windows-ix86+x86_64 1.4.0 17.00 59.00 76.00 OK
r-oldrel-windows-ix86+x86_64 1.4.0 19.00 141.00 160.00 OK

Check Details

Version: 1.4.0
Check: compiled code
Result: NOTE
    File ‘etasFLP/libs/etasFLP.so’:
     Found no calls to: ‘R_registerRoutines’, ‘R_useDynamicSymbols’
    
    It is good practice to register native routines and to disable symbol
    search.
    
    See ‘Writing portable packages’ in the ‘Writing R Extensions’ manual.
Flavors: r-devel-linux-x86_64-debian-clang, r-devel-linux-x86_64-debian-gcc

Version: 1.4.0
Flags: --no-stop-on-test-error
Check: compiled code
Result: NOTE
    File ‘etasFLP/libs/etasFLP.so’:
     Found no calls to: ‘R_registerRoutines’, ‘R_useDynamicSymbols’
    
    It is good practice to register native routines and to disable symbol
    search.
    
    See ‘Writing portable packages’ in the ‘Writing R Extensions’ manual.
Flavors: r-devel-linux-x86_64-fedora-clang, r-devel-linux-x86_64-fedora-gcc, r-devel-macos-x86_64-clang