CRAN Package Check Results for Package evmix

Last updated on 2017-02-24 23:52:25.

Flavor Version Tinstall Tcheck Ttotal Status Flags
r-devel-linux-x86_64-debian-clang 2.6 3.95 112.58 116.53 NOTE
r-devel-linux-x86_64-debian-gcc 2.6 4.16 112.18 116.34 NOTE
r-devel-linux-x86_64-fedora-clang 2.6 223.34 NOTE --no-stop-on-test-error
r-devel-linux-x86_64-fedora-gcc 2.6 216.25 NOTE --no-stop-on-test-error
r-devel-macos-x86_64-clang 2.6 160.88 NOTE --no-stop-on-test-error
r-devel-windows-ix86+x86_64 2.6 25.00 151.00 176.00 NOTE
r-patched-linux-x86_64 2.6 4.29 115.16 119.44 NOTE
r-patched-solaris-sparc 2.6 1159.30 NOTE
r-patched-solaris-x86 2.6 196.40 NOTE
r-release-linux-x86_64 2.6 3.73 113.28 117.01 NOTE
r-release-osx-x86_64-mavericks 2.6 NOTE
r-release-windows-ix86+x86_64 2.6 20.00 193.00 213.00 NOTE
r-oldrel-windows-ix86+x86_64 2.6 27.00 245.00 272.00 OK

Check Details

Version: 2.6
Check: R code for possible problems
Result: NOTE
    mrlplot: no visible global function definition for ‘gray’
    tscaleplot: no visible global function definition for ‘gray’
    tshapeplot: no visible global function definition for ‘gray’
    Undefined global functions or variables:
     gray
    Consider adding
     importFrom("grDevices", "gray")
    to your NAMESPACE file.
Flavors: r-devel-linux-x86_64-debian-clang, r-devel-linux-x86_64-debian-gcc, r-devel-windows-ix86+x86_64, r-patched-linux-x86_64, r-patched-solaris-sparc, r-patched-solaris-x86, r-release-linux-x86_64, r-release-osx-x86_64-mavericks, r-release-windows-ix86+x86_64

Version: 2.6
Flags: --no-stop-on-test-error
Check: R code for possible problems
Result: NOTE
    mrlplot: no visible global function definition for ‘gray’
    tscaleplot: no visible global function definition for ‘gray’
    tshapeplot: no visible global function definition for ‘gray’
    Undefined global functions or variables:
     gray
    Consider adding
     importFrom("grDevices", "gray")
    to your NAMESPACE file.
Flavors: r-devel-linux-x86_64-fedora-clang, r-devel-linux-x86_64-fedora-gcc, r-devel-macos-x86_64-clang

Version: 2.6
Check: installed package size
Result: NOTE
     installed size is 5.3Mb
     sub-directories of 1Mb or more:
     doc 3.6Mb
     help 1.0Mb
Flavors: r-patched-solaris-sparc, r-patched-solaris-x86