CRAN Package Check Results for Package evolvability

Last updated on 2017-02-24 23:52:25.

Flavor Version Tinstall Tcheck Ttotal Status Flags
r-devel-linux-x86_64-debian-clang 1.1.0 0.63 11.75 12.38 NOTE
r-devel-linux-x86_64-debian-gcc 1.1.0 0.61 11.39 11.99 NOTE
r-devel-linux-x86_64-fedora-clang 1.1.0 21.09 NOTE --no-stop-on-test-error
r-devel-linux-x86_64-fedora-gcc 1.1.0 19.17 NOTE --no-stop-on-test-error
r-devel-macos-x86_64-clang 1.1.0 18.79 NOTE --no-stop-on-test-error
r-devel-windows-ix86+x86_64 1.1.0 7.00 38.00 45.00 NOTE
r-patched-linux-x86_64 1.1.0 0.56 9.17 9.73 NOTE
r-patched-solaris-sparc 1.1.0 111.00 NOTE
r-patched-solaris-x86 1.1.0 24.60 NOTE
r-release-linux-x86_64 1.1.0 0.61 9.71 10.32 NOTE
r-release-osx-x86_64-mavericks 1.1.0 NOTE
r-release-windows-ix86+x86_64 1.1.0 3.00 36.00 39.00 NOTE
r-oldrel-windows-ix86+x86_64 1.1.0 5.00 42.00 47.00 OK

Check Details

Version: 1.1.0
Check: R code for possible problems
Result: NOTE
    evolvabilityBetaMCMC : <anonymous>: no visible binding for global
     variable ‘median’
    evolvabilityBetaMCMC: no visible binding for global variable ‘median’
    evolvabilityBetaMCMC2: no visible binding for global variable ‘median’
    evolvabilityMeans: no visible global function definition for ‘var’
    evolvabilityMeansMCMC : <anonymous>: no visible global function
     definition for ‘var’
    evolvabilityMeansMCMC: no visible binding for global variable ‘median’
    randomBeta: no visible global function definition for ‘rnorm’
    Undefined global functions or variables:
     median rnorm var
    Consider adding
     importFrom("stats", "median", "rnorm", "var")
    to your NAMESPACE file.
Flavors: r-devel-linux-x86_64-debian-clang, r-devel-linux-x86_64-debian-gcc, r-devel-windows-ix86+x86_64, r-patched-linux-x86_64, r-patched-solaris-sparc, r-patched-solaris-x86, r-release-linux-x86_64, r-release-osx-x86_64-mavericks, r-release-windows-ix86+x86_64

Version: 1.1.0
Flags: --no-stop-on-test-error
Check: R code for possible problems
Result: NOTE
    evolvabilityBetaMCMC : <anonymous>: no visible binding for global
     variable ‘median’
    evolvabilityBetaMCMC: no visible binding for global variable ‘median’
    evolvabilityBetaMCMC2: no visible binding for global variable ‘median’
    evolvabilityMeans: no visible global function definition for ‘var’
    evolvabilityMeansMCMC : <anonymous>: no visible global function
     definition for ‘var’
    evolvabilityMeansMCMC: no visible binding for global variable ‘median’
    randomBeta: no visible global function definition for ‘rnorm’
    Undefined global functions or variables:
     median rnorm var
    Consider adding
     importFrom("stats", "median", "rnorm", "var")
    to your NAMESPACE file.
Flavors: r-devel-linux-x86_64-fedora-clang, r-devel-linux-x86_64-fedora-gcc, r-devel-macos-x86_64-clang