CRAN Package Check Results for Package factorstochvol

Last updated on 2017-02-24 23:52:25.

Flavor Version Tinstall Tcheck Ttotal Status Flags
r-devel-linux-x86_64-debian-clang 0.8.3 47.63 24.66 72.30 NOTE
r-devel-linux-x86_64-debian-gcc 0.8.3 44.67 24.92 69.58 NOTE
r-devel-linux-x86_64-fedora-clang 0.8.3 143.14 NOTE --no-stop-on-test-error
r-devel-linux-x86_64-fedora-gcc 0.8.3 124.67 NOTE --no-stop-on-test-error
r-devel-macos-x86_64-clang 0.8.3 95.47 NOTE --no-stop-on-test-error
r-devel-windows-ix86+x86_64 0.8.3 219.00 79.00 298.00 OK
r-patched-linux-x86_64 0.8.3 36.73 22.28 59.01 OK
r-patched-solaris-sparc 0.8.3 592.20 OK
r-patched-solaris-x86 0.8.3 124.80 OK
r-release-linux-x86_64 0.8.3 36.84 22.48 59.32 OK
r-release-osx-x86_64-mavericks 0.8.3 OK
r-release-windows-ix86+x86_64 0.8.3 152.00 75.00 227.00 OK
r-oldrel-windows-ix86+x86_64 0.8.3 190.00 73.00 263.00 OK

Check Details

Version: 0.8.3
Check: compiled code
Result: NOTE
    File ‘factorstochvol/libs/factorstochvol.so’:
     Found no calls to: ‘R_registerRoutines’, ‘R_useDynamicSymbols’
    
    It is good practice to register native routines and to disable symbol
    search.
    
    See ‘Writing portable packages’ in the ‘Writing R Extensions’ manual.
Flavors: r-devel-linux-x86_64-debian-clang, r-devel-linux-x86_64-debian-gcc

Version: 0.8.3
Flags: --no-stop-on-test-error
Check: compiled code
Result: NOTE
    File ‘factorstochvol/libs/factorstochvol.so’:
     Found no calls to: ‘R_registerRoutines’, ‘R_useDynamicSymbols’
    
    It is good practice to register native routines and to disable symbol
    search.
    
    See ‘Writing portable packages’ in the ‘Writing R Extensions’ manual.
Flavors: r-devel-linux-x86_64-fedora-clang, r-devel-linux-x86_64-fedora-gcc, r-devel-macos-x86_64-clang