Last updated on 2017-02-24 23:52:26.
Flavor | Version | Tinstall | Tcheck | Ttotal | Status | Flags |
---|---|---|---|---|---|---|
r-devel-linux-x86_64-debian-clang | 8.10 | 5.72 | 187.30 | 193.01 | NOTE | |
r-devel-linux-x86_64-debian-gcc | 8.10 | 5.56 | 182.71 | 188.27 | NOTE | |
r-devel-linux-x86_64-fedora-clang | 8.10 | 372.60 | NOTE | --no-stop-on-test-error | ||
r-devel-linux-x86_64-fedora-gcc | 8.10 | 351.06 | NOTE | --no-stop-on-test-error | ||
r-devel-macos-x86_64-clang | 8.10 | 258.50 | NOTE | --no-stop-on-test-error | ||
r-devel-windows-ix86+x86_64 | 8.10 | 81.00 | 606.00 | 687.00 | OK | |
r-patched-linux-x86_64 | 8.10 | 5.28 | 160.85 | 166.13 | OK | |
r-patched-solaris-sparc | 8.10 | 2073.20 | OK | |||
r-patched-solaris-x86 | 8.10 | 381.20 | OK | |||
r-release-linux-x86_64 | 8.10 | 5.21 | 160.78 | 165.99 | OK | |
r-release-osx-x86_64-mavericks | 8.10 | OK | ||||
r-release-windows-ix86+x86_64 | 8.10 | 51.00 | 420.00 | 471.00 | OK | |
r-oldrel-windows-ix86+x86_64 | 8.10 | 77.00 | 684.00 | 761.00 | OK |
Version: 8.10
Check: compiled code
Result: NOTE
File ‘fields/libs/fields.so’:
Found no calls to: ‘R_registerRoutines’, ‘R_useDynamicSymbols’
It is good practice to register native routines and to disable symbol
search.
See ‘Writing portable packages’ in the ‘Writing R Extensions’ manual.
Flavors: r-devel-linux-x86_64-debian-clang, r-devel-linux-x86_64-debian-gcc
Version: 8.10
Flags: --no-stop-on-test-error
Check: compiled code
Result: NOTE
File ‘fields/libs/fields.so’:
Found no calls to: ‘R_registerRoutines’, ‘R_useDynamicSymbols’
It is good practice to register native routines and to disable symbol
search.
See ‘Writing portable packages’ in the ‘Writing R Extensions’ manual.
Flavors: r-devel-linux-x86_64-fedora-clang, r-devel-linux-x86_64-fedora-gcc, r-devel-macos-x86_64-clang