Last updated on 2017-02-24 23:52:26.
Flavor | Version | Tinstall | Tcheck | Ttotal | Status | Flags |
---|---|---|---|---|---|---|
r-devel-linux-x86_64-debian-clang | 3.5.4 | 1.61 | 17.87 | 19.48 | NOTE | |
r-devel-linux-x86_64-debian-gcc | 3.5.4 | 1.48 | 18.30 | 19.78 | NOTE | |
r-devel-linux-x86_64-fedora-clang | 3.5.4 | 34.44 | NOTE | --no-stop-on-test-error | ||
r-devel-linux-x86_64-fedora-gcc | 3.5.4 | 31.71 | NOTE | --no-stop-on-test-error | ||
r-devel-macos-x86_64-clang | 3.5.4 | 28.86 | NOTE | --no-stop-on-test-error | ||
r-devel-windows-ix86+x86_64 | 3.5.4 | 6.00 | 64.00 | 70.00 | OK | |
r-patched-linux-x86_64 | 3.5.4 | 1.26 | 14.71 | 15.97 | OK | |
r-patched-solaris-sparc | 3.5.4 | 181.20 | OK | |||
r-patched-solaris-x86 | 3.5.4 | 38.50 | OK | |||
r-release-linux-x86_64 | 3.5.4 | 1.30 | 14.73 | 16.03 | OK | |
r-release-osx-x86_64-mavericks | 3.5.4 | OK | ||||
r-release-windows-ix86+x86_64 | 3.5.4 | 17.00 | 109.00 | 126.00 | OK | |
r-oldrel-windows-ix86+x86_64 | 3.5.4 | 9.00 | 53.00 | 62.00 | OK |
Version: 3.5.4
Check: compiled code
Result: NOTE
File ‘fingerprint/libs/fingerprint.so’:
Found no calls to: ‘R_registerRoutines’, ‘R_useDynamicSymbols’
It is good practice to register native routines and to disable symbol
search.
See ‘Writing portable packages’ in the ‘Writing R Extensions’ manual.
Flavors: r-devel-linux-x86_64-debian-clang, r-devel-linux-x86_64-debian-gcc
Version: 3.5.4
Flags: --no-stop-on-test-error
Check: compiled code
Result: NOTE
File ‘fingerprint/libs/fingerprint.so’:
Found no calls to: ‘R_registerRoutines’, ‘R_useDynamicSymbols’
It is good practice to register native routines and to disable symbol
search.
See ‘Writing portable packages’ in the ‘Writing R Extensions’ manual.
Flavors: r-devel-linux-x86_64-fedora-clang, r-devel-linux-x86_64-fedora-gcc, r-devel-macos-x86_64-clang