CRAN Package Check Results for Package fitDRC

Last updated on 2017-02-24 23:52:26.

Flavor Version Tinstall Tcheck Ttotal Status Flags
r-devel-linux-x86_64-debian-clang 1.1 0.78 18.09 18.86 NOTE
r-devel-linux-x86_64-debian-gcc 1.1 0.89 17.51 18.40 NOTE
r-devel-linux-x86_64-fedora-clang 1.1 35.01 NOTE --no-stop-on-test-error
r-devel-linux-x86_64-fedora-gcc 1.1 30.75 NOTE --no-stop-on-test-error
r-devel-macos-x86_64-clang 1.1 27.74 NOTE --no-stop-on-test-error
r-devel-windows-ix86+x86_64 1.1 4.00 48.00 52.00 NOTE
r-patched-linux-x86_64 1.1 0.72 15.34 16.06 NOTE
r-patched-solaris-sparc 1.1 190.00 NOTE
r-patched-solaris-x86 1.1 35.80 NOTE
r-release-linux-x86_64 1.1 0.75 15.05 15.80 NOTE
r-release-osx-x86_64-mavericks 1.1 NOTE
r-release-windows-ix86+x86_64 1.1 4.00 34.00 38.00 NOTE
r-oldrel-windows-ix86+x86_64 1.1 4.00 32.00 36.00 NOTE

Check Details

Version: 1.1
Check: DESCRIPTION meta-information
Result: NOTE
    Malformed Description field: should contain one or more complete sentences.
Flavors: r-devel-linux-x86_64-debian-clang, r-devel-linux-x86_64-debian-gcc, r-devel-windows-ix86+x86_64, r-patched-linux-x86_64, r-patched-solaris-sparc, r-patched-solaris-x86, r-release-linux-x86_64, r-release-osx-x86_64-mavericks, r-release-windows-ix86+x86_64, r-oldrel-windows-ix86+x86_64

Version: 1.1
Check: S3 generic/method consistency
Result: NOTE
    Found the following apparent S3 methods exported but not registered:
     CDF.distribution CDFinv.distribution Fl.drclass FlInv.drclass
     Fu.drclass FuInv.drclass Kappa.drclass Lambda.drclass
     MEAN.distribution MEDIAN.distribution MODE.distribution
     PDF.distribution RANGE.distribution SD.distribution
     TRANS.BACKW.transformation TRANS.DERIV.transformation
     TRANS.FORW.transformation TRANS.RANGE.X.transformation
     TRANS.RANGE.Y.transformation metric.ci.drclass metric.mode.drclass
     metric.shape.drclass metric.width.drclass metrics.drclass
     plot.distribution plot.drclass plot.transformation print.distribution
     print.drclass print.transformation summary.distribution
     summary.drclass summary.transformation
    See section ‘Registering S3 methods’ in the ‘Writing R Extensions’
    manual.
Flavors: r-devel-linux-x86_64-debian-clang, r-devel-linux-x86_64-debian-gcc, r-patched-linux-x86_64, r-patched-solaris-sparc, r-patched-solaris-x86, r-release-linux-x86_64

Version: 1.1
Check: R code for possible problems
Result: NOTE
    FlInv.drclass: no visible global function definition for ‘uniroot’
    FuInv.drclass: no visible global function definition for ‘uniroot’
    dist.beta.create : <anonymous>: no visible global function definition
     for ‘qbeta’
    dist.beta.create : <anonymous>: no visible global function definition
     for ‘dbeta’
    dist.beta.create : <anonymous>: no visible global function definition
     for ‘pbeta’
    dist.f.create : <anonymous>: no visible global function definition for
     ‘qf’
    dist.f.create : <anonymous>: no visible global function definition for
     ‘df’
    dist.f.create : <anonymous>: no visible global function definition for
     ‘pf’
    dist.gamma.create : <anonymous>: no visible global function definition
     for ‘qgamma’
    dist.gamma.create : <anonymous>: no visible global function definition
     for ‘dgamma’
    dist.gamma.create : <anonymous>: no visible global function definition
     for ‘pgamma’
    dist.logistic.create : <anonymous>: no visible global function
     definition for ‘dlogis’
    dist.logistic.create : <anonymous>: no visible global function
     definition for ‘plogis’
    dist.logistic.create : <anonymous>: no visible global function
     definition for ‘qlogis’
    dist.lognormal.create : <anonymous>: no visible global function
     definition for ‘dlnorm’
    dist.lognormal.create : <anonymous>: no visible global function
     definition for ‘plnorm’
    dist.lognormal.create : <anonymous>: no visible global function
     definition for ‘qlnorm’
    dist.normal.create : <anonymous>: no visible global function definition
     for ‘dnorm’
    dist.normal.create : <anonymous>: no visible global function definition
     for ‘pnorm’
    dist.normal.create : <anonymous>: no visible global function definition
     for ‘qnorm’
    dist.student.create : <anonymous>: no visible global function
     definition for ‘dt’
    dist.student.create : <anonymous>: no visible global function
     definition for ‘pt’
    dist.student.create : <anonymous>: no visible global function
     definition for ‘qt’
    dist.uniform.create : <anonymous>: no visible global function
     definition for ‘dunif’
    dist.uniform.create : <anonymous>: no visible global function
     definition for ‘punif’
    dist.uniform.create : <anonymous>: no visible global function
     definition for ‘qunif’
    dist.weibull.create : <anonymous>: no visible global function
     definition for ‘dweibull’
    dist.weibull.create : <anonymous>: no visible global function
     definition for ‘pweibull’
    dist.weibull.create : <anonymous>: no visible global function
     definition for ‘qweibull’
    drclass.create: no visible global function definition for ‘qnorm’
    metric.mode.drclass: no visible global function definition for
     ‘uniroot’
    metric.shape.drclass: no visible global function definition for
     ‘optimize’
    plot.drclass: no visible global function definition for ‘pdf’
    plot.drclass: no visible global function definition for ‘par’
    plot.drclass: no visible global function definition for ‘plot’
    plot.drclass: no visible global function definition for ‘title’
    plot.drclass: no visible global function definition for ‘points’
    plot.drclass: no visible global function definition for ‘curve’
    plot.drclass: no visible global function definition for ‘lines’
    plot.drclass: no visible global function definition for ‘abline’
    plot.drclass: no visible global function definition for ‘legend’
    plot.drclass: no visible global function definition for ‘dev.off’
    process.elidat: no visible global function definition for ‘na.omit’
    process.elidat: no visible global function definition for ‘optim’
    summary.distribution: no visible binding for global variable ‘dist’
    trans.exp.create : <anonymous>: no visible global function definition
     for ‘uniroot’
    Undefined global functions or variables:
     abline curve dbeta dev.off df dgamma dist dlnorm dlogis dnorm dt
     dunif dweibull legend lines na.omit optim optimize par pbeta pdf pf
     pgamma plnorm plogis plot pnorm points pt punif pweibull qbeta qf
     qgamma qlnorm qlogis qnorm qt qunif qweibull title uniroot
    Consider adding
     importFrom("grDevices", "dev.off", "pdf")
     importFrom("graphics", "abline", "curve", "legend", "lines", "par",
     "plot", "points", "title")
     importFrom("stats", "dbeta", "df", "dgamma", "dist", "dlnorm",
     "dlogis", "dnorm", "dt", "dunif", "dweibull", "na.omit",
     "optim", "optimize", "pbeta", "pf", "pgamma", "plnorm",
     "plogis", "pnorm", "pt", "punif", "pweibull", "qbeta", "qf",
     "qgamma", "qlnorm", "qlogis", "qnorm", "qt", "qunif",
     "qweibull", "uniroot")
    to your NAMESPACE file.
Flavors: r-devel-linux-x86_64-debian-clang, r-devel-linux-x86_64-debian-gcc, r-devel-windows-ix86+x86_64, r-patched-linux-x86_64, r-patched-solaris-sparc, r-patched-solaris-x86, r-release-linux-x86_64, r-release-osx-x86_64-mavericks, r-release-windows-ix86+x86_64

Version: 1.1
Flags: --no-stop-on-test-error
Check: DESCRIPTION meta-information
Result: NOTE
    Malformed Description field: should contain one or more complete sentences.
Flavors: r-devel-linux-x86_64-fedora-clang, r-devel-linux-x86_64-fedora-gcc, r-devel-macos-x86_64-clang

Version: 1.1
Flags: --no-stop-on-test-error
Check: S3 generic/method consistency
Result: NOTE
    Found the following apparent S3 methods exported but not registered:
     CDF.distribution CDFinv.distribution Fl.drclass FlInv.drclass
     Fu.drclass FuInv.drclass Kappa.drclass Lambda.drclass
     MEAN.distribution MEDIAN.distribution MODE.distribution
     PDF.distribution RANGE.distribution SD.distribution
     TRANS.BACKW.transformation TRANS.DERIV.transformation
     TRANS.FORW.transformation TRANS.RANGE.X.transformation
     TRANS.RANGE.Y.transformation metric.ci.drclass metric.mode.drclass
     metric.shape.drclass metric.width.drclass metrics.drclass
     plot.distribution plot.drclass plot.transformation print.distribution
     print.drclass print.transformation summary.distribution
     summary.drclass summary.transformation
    See section ‘Registering S3 methods’ in the ‘Writing R Extensions’
    manual.
Flavors: r-devel-linux-x86_64-fedora-clang, r-devel-linux-x86_64-fedora-gcc, r-devel-macos-x86_64-clang

Version: 1.1
Flags: --no-stop-on-test-error
Check: R code for possible problems
Result: NOTE
    FlInv.drclass: no visible global function definition for ‘uniroot’
    FuInv.drclass: no visible global function definition for ‘uniroot’
    dist.beta.create : <anonymous>: no visible global function definition
     for ‘qbeta’
    dist.beta.create : <anonymous>: no visible global function definition
     for ‘dbeta’
    dist.beta.create : <anonymous>: no visible global function definition
     for ‘pbeta’
    dist.f.create : <anonymous>: no visible global function definition for
     ‘qf’
    dist.f.create : <anonymous>: no visible global function definition for
     ‘df’
    dist.f.create : <anonymous>: no visible global function definition for
     ‘pf’
    dist.gamma.create : <anonymous>: no visible global function definition
     for ‘qgamma’
    dist.gamma.create : <anonymous>: no visible global function definition
     for ‘dgamma’
    dist.gamma.create : <anonymous>: no visible global function definition
     for ‘pgamma’
    dist.logistic.create : <anonymous>: no visible global function
     definition for ‘dlogis’
    dist.logistic.create : <anonymous>: no visible global function
     definition for ‘plogis’
    dist.logistic.create : <anonymous>: no visible global function
     definition for ‘qlogis’
    dist.lognormal.create : <anonymous>: no visible global function
     definition for ‘dlnorm’
    dist.lognormal.create : <anonymous>: no visible global function
     definition for ‘plnorm’
    dist.lognormal.create : <anonymous>: no visible global function
     definition for ‘qlnorm’
    dist.normal.create : <anonymous>: no visible global function definition
     for ‘dnorm’
    dist.normal.create : <anonymous>: no visible global function definition
     for ‘pnorm’
    dist.normal.create : <anonymous>: no visible global function definition
     for ‘qnorm’
    dist.student.create : <anonymous>: no visible global function
     definition for ‘dt’
    dist.student.create : <anonymous>: no visible global function
     definition for ‘pt’
    dist.student.create : <anonymous>: no visible global function
     definition for ‘qt’
    dist.uniform.create : <anonymous>: no visible global function
     definition for ‘dunif’
    dist.uniform.create : <anonymous>: no visible global function
     definition for ‘punif’
    dist.uniform.create : <anonymous>: no visible global function
     definition for ‘qunif’
    dist.weibull.create : <anonymous>: no visible global function
     definition for ‘dweibull’
    dist.weibull.create : <anonymous>: no visible global function
     definition for ‘pweibull’
    dist.weibull.create : <anonymous>: no visible global function
     definition for ‘qweibull’
    drclass.create: no visible global function definition for ‘qnorm’
    metric.mode.drclass: no visible global function definition for
     ‘uniroot’
    metric.shape.drclass: no visible global function definition for
     ‘optimize’
    plot.drclass: no visible global function definition for ‘pdf’
    plot.drclass: no visible global function definition for ‘par’
    plot.drclass: no visible global function definition for ‘plot’
    plot.drclass: no visible global function definition for ‘title’
    plot.drclass: no visible global function definition for ‘points’
    plot.drclass: no visible global function definition for ‘curve’
    plot.drclass: no visible global function definition for ‘lines’
    plot.drclass: no visible global function definition for ‘abline’
    plot.drclass: no visible global function definition for ‘legend’
    plot.drclass: no visible global function definition for ‘dev.off’
    process.elidat: no visible global function definition for ‘na.omit’
    process.elidat: no visible global function definition for ‘optim’
    summary.distribution: no visible binding for global variable ‘dist’
    trans.exp.create : <anonymous>: no visible global function definition
     for ‘uniroot’
    Undefined global functions or variables:
     abline curve dbeta dev.off df dgamma dist dlnorm dlogis dnorm dt
     dunif dweibull legend lines na.omit optim optimize par pbeta pdf pf
     pgamma plnorm plogis plot pnorm points pt punif pweibull qbeta qf
     qgamma qlnorm qlogis qnorm qt qunif qweibull title uniroot
    Consider adding
     importFrom("grDevices", "dev.off", "pdf")
     importFrom("graphics", "abline", "curve", "legend", "lines", "par",
     "plot", "points", "title")
     importFrom("stats", "dbeta", "df", "dgamma", "dist", "dlnorm",
     "dlogis", "dnorm", "dt", "dunif", "dweibull", "na.omit",
     "optim", "optimize", "pbeta", "pf", "pgamma", "plnorm",
     "plogis", "pnorm", "pt", "punif", "pweibull", "qbeta", "qf",
     "qgamma", "qlnorm", "qlogis", "qnorm", "qt", "qunif",
     "qweibull", "uniroot")
    to your NAMESPACE file.
Flavors: r-devel-linux-x86_64-fedora-clang, r-devel-linux-x86_64-fedora-gcc, r-devel-macos-x86_64-clang