Last updated on 2017-02-24 23:52:26.
Flavor | Version | Tinstall | Tcheck | Ttotal | Status | Flags |
---|---|---|---|---|---|---|
r-devel-linux-x86_64-debian-clang | 3.1 | 8.86 | 27.74 | 36.61 | NOTE | |
r-devel-linux-x86_64-debian-gcc | 3.1 | 9.30 | 27.12 | 36.42 | NOTE | |
r-devel-linux-x86_64-fedora-clang | 3.1 | 73.16 | NOTE | --no-stop-on-test-error | ||
r-devel-linux-x86_64-fedora-gcc | 3.1 | 66.97 | NOTE | --no-stop-on-test-error | ||
r-devel-macos-x86_64-clang | 3.1 | 53.29 | NOTE | --no-stop-on-test-error | ||
r-devel-windows-ix86+x86_64 | 3.1 | 60.00 | 93.00 | 153.00 | OK | |
r-patched-linux-x86_64 | 3.1 | 7.53 | 21.20 | 28.72 | OK | |
r-patched-solaris-sparc | 3.1 | 346.20 | OK | |||
r-patched-solaris-x86 | 3.1 | 65.00 | OK | |||
r-release-linux-x86_64 | 3.1 | 7.81 | 20.65 | 28.46 | OK | |
r-release-osx-x86_64-mavericks | 3.1 | OK | ||||
r-release-windows-ix86+x86_64 | 3.1 | 48.00 | 77.00 | 125.00 | OK | |
r-oldrel-windows-ix86+x86_64 | 3.1 | 54.00 | 123.00 | 177.00 | OK |
Version: 3.1
Check: compiled code
Result: NOTE
File ‘flam/libs/flam.so’:
Found no calls to: ‘R_registerRoutines’, ‘R_useDynamicSymbols’
It is good practice to register native routines and to disable symbol
search.
See ‘Writing portable packages’ in the ‘Writing R Extensions’ manual.
Flavors: r-devel-linux-x86_64-debian-clang, r-devel-linux-x86_64-debian-gcc
Version: 3.1
Flags: --no-stop-on-test-error
Check: compiled code
Result: NOTE
File ‘flam/libs/flam.so’:
Found no calls to: ‘R_registerRoutines’, ‘R_useDynamicSymbols’
It is good practice to register native routines and to disable symbol
search.
See ‘Writing portable packages’ in the ‘Writing R Extensions’ manual.
Flavors: r-devel-linux-x86_64-fedora-clang, r-devel-linux-x86_64-fedora-gcc, r-devel-macos-x86_64-clang