Last updated on 2017-02-24 23:52:27.
Flavor | Version | Tinstall | Tcheck | Ttotal | Status | Flags |
---|---|---|---|---|---|---|
r-devel-linux-x86_64-debian-clang | 1.1 | 4.94 | 84.61 | 89.55 | NOTE | |
r-devel-linux-x86_64-debian-gcc | 1.1 | 4.68 | 84.15 | 88.84 | NOTE | |
r-devel-linux-x86_64-fedora-clang | 1.1 | 192.38 | NOTE | --no-stop-on-test-error | ||
r-devel-linux-x86_64-fedora-gcc | 1.1 | 179.41 | NOTE | --no-stop-on-test-error | ||
r-devel-macos-x86_64-clang | 1.1 | 139.84 | NOTE | --no-stop-on-test-error | ||
r-devel-windows-ix86+x86_64 | 1.1 | 20.00 | 181.00 | 201.00 | NOTE | |
r-patched-linux-x86_64 | 1.1 | 4.70 | 80.43 | 85.12 | OK | |
r-patched-solaris-sparc | 1.1 | 1072.40 | OK | |||
r-patched-solaris-x86 | 1.1 | 205.00 | OK | |||
r-release-linux-x86_64 | 1.1 | 4.72 | 80.20 | 84.92 | OK | |
r-release-osx-x86_64-mavericks | 1.1 | OK | ||||
r-release-windows-ix86+x86_64 | 1.1 | 20.00 | 186.00 | 206.00 | OK | |
r-oldrel-windows-ix86+x86_64 | 1.0 | 23.00 | 178.00 | 201.00 | OK |
Version: 1.1
Check: DESCRIPTION meta-information
Result: NOTE
BugReports field is not a suitable URL but contains an email address
which will be used as from R 3.4.0
Flavors: r-devel-linux-x86_64-debian-clang, r-devel-linux-x86_64-debian-gcc, r-devel-windows-ix86+x86_64
Version: 1.1
Flags: --no-stop-on-test-error
Check: DESCRIPTION meta-information
Result: NOTE
BugReports field is not a suitable URL but contains an email address
which will be used as from R 3.4.0
Flavors: r-devel-linux-x86_64-fedora-clang, r-devel-linux-x86_64-fedora-gcc, r-devel-macos-x86_64-clang