CRAN Package Check Results for Package funcy

Last updated on 2017-02-24 23:52:27.

Flavor Version Tinstall Tcheck Ttotal Status Flags
r-devel-linux-x86_64-debian-clang 0.8.6 13.55 501.59 515.14 NOTE
r-devel-linux-x86_64-debian-gcc 0.8.6 12.86 440.72 453.58 NOTE
r-devel-linux-x86_64-fedora-clang 0.8.6 410.04 NOTE --no-stop-on-test-error
r-devel-linux-x86_64-fedora-gcc 0.8.6 368.67 NOTE --no-stop-on-test-error
r-devel-macos-x86_64-clang 0.8.6 310.64 NOTE --no-stop-on-test-error
r-devel-windows-ix86+x86_64 0.8.6 83.00 588.00 671.00 OK
r-patched-linux-x86_64 0.8.6 12.26 145.93 158.19 OK
r-patched-solaris-sparc 0.8.6 5636.40 OK
r-patched-solaris-x86 0.8.6 463.10 OK
r-release-linux-x86_64 0.8.6 11.91 160.24 172.15 OK
r-release-osx-x86_64-mavericks 0.8.6 OK
r-release-windows-ix86+x86_64 0.8.6 85.00 578.00 663.00 OK
r-oldrel-windows-ix86+x86_64 0.8.6 69.00 571.00 640.00 OK

Check Details

Version: 0.8.6
Check: compiled code
Result: NOTE
    File ‘funcy/libs/funcy.so’:
     Found no calls to: ‘R_registerRoutines’, ‘R_useDynamicSymbols’
    
    It is good practice to register native routines and to disable symbol
    search.
    
    See ‘Writing portable packages’ in the ‘Writing R Extensions’ manual.
Flavors: r-devel-linux-x86_64-debian-clang, r-devel-linux-x86_64-debian-gcc

Version: 0.8.6
Flags: --no-stop-on-test-error
Check: compiled code
Result: NOTE
    File ‘funcy/libs/funcy.so’:
     Found no calls to: ‘R_registerRoutines’, ‘R_useDynamicSymbols’
    
    It is good practice to register native routines and to disable symbol
    search.
    
    See ‘Writing portable packages’ in the ‘Writing R Extensions’ manual.
Flavors: r-devel-linux-x86_64-fedora-clang, r-devel-linux-x86_64-fedora-gcc, r-devel-macos-x86_64-clang