CRAN Package Check Results for Package funrar

Last updated on 2017-02-24 23:52:27.

Flavor Version Tinstall Tcheck Ttotal Status Flags
r-devel-linux-x86_64-debian-clang 1.0.2 1.23 116.13 117.35 OK
r-devel-linux-x86_64-debian-gcc 1.0.2 1.40 113.26 114.67 OK
r-devel-linux-x86_64-fedora-clang 1.0.2 234.24 OK --no-stop-on-test-error
r-devel-linux-x86_64-fedora-gcc 1.0.2 209.36 OK --no-stop-on-test-error
r-devel-macos-x86_64-clang 1.0.2 176.42 OK --no-stop-on-test-error
r-devel-windows-ix86+x86_64 1.0.2 13.00 243.00 256.00 OK
r-patched-linux-x86_64 1.0.2 1.36 116.39 117.74 OK
r-patched-solaris-sparc 1.0.2 320.50 WARN
r-patched-solaris-x86 1.0.2 69.00 WARN
r-release-linux-x86_64 1.0.2 1.44 108.57 110.01 OK
r-release-osx-x86_64-mavericks 1.0.2 OK
r-release-windows-ix86+x86_64 1.0.2 7.00 190.00 197.00 OK
r-oldrel-windows-ix86+x86_64 1.0.2 8.00 241.00 249.00 OK

Check Details

Version: 1.0.2
Check: package dependencies
Result: NOTE
    Package suggested but not available for checking: ‘microbenchmark’
Flavors: r-patched-solaris-sparc, r-patched-solaris-x86

Version: 1.0.2
Check: re-building of vignette outputs
Result: WARN
    Error in re-building vignettes:
     ...
    Warning in engine$weave(file, quiet = quiet, encoding = enc) :
     Pandoc (>= 1.12.3) and/or pandoc-citeproc not available. Falling back to R Markdown v1.
    Warning in engine$weave(file, quiet = quiet, encoding = enc) :
     Pandoc (>= 1.12.3) and/or pandoc-citeproc not available. Falling back to R Markdown v1.
    Quitting from lines 90-102 (sparse_matrices.Rmd)
    Error: processing vignette 'sparse_matrices.Rmd' failed with diagnostics:
    there is no package called 'microbenchmark'
    Execution halted
Flavors: r-patched-solaris-sparc, r-patched-solaris-x86