CRAN Package Check Results for Package fuzzyforest

Last updated on 2017-02-24 23:52:27.

Flavor Version Tinstall Tcheck Ttotal Status Flags
r-devel-linux-x86_64-debian-clang 1.0.2 1.78 69.99 71.78 OK
r-devel-linux-x86_64-debian-gcc 1.0.2 1.68 67.92 69.59 OK
r-devel-linux-x86_64-fedora-clang 1.0.2 155.88 OK --no-stop-on-test-error
r-devel-linux-x86_64-fedora-gcc 1.0.2 145.14 OK --no-stop-on-test-error
r-devel-macos-x86_64-clang 1.0.2 110.28 OK --no-stop-on-test-error
r-devel-windows-ix86+x86_64 1.0.2 38.00 150.00 188.00 WARN
r-patched-linux-x86_64 1.0.2 2.02 65.12 67.14 OK
r-patched-solaris-sparc 1.0.2 800.00 OK
r-patched-solaris-x86 1.0.2 176.70 OK
r-release-linux-x86_64 1.0.2 1.90 64.18 66.09 OK
r-release-osx-x86_64-mavericks 1.0.2 OK
r-release-windows-ix86+x86_64 1.0.2 22.00 107.00 129.00 WARN
r-oldrel-windows-ix86+x86_64 1.0.2 23.00 153.00 176.00 OK

Check Details

Version: 1.0.2
Check: whether package can be installed
Result: WARN
    Found the following significant warnings:
     Warning: vfs customization not available on this platform. Ignoring value: vfs = unix-none
Flavors: r-devel-windows-ix86+x86_64, r-release-windows-ix86+x86_64