CRAN Package Check Results for Package gbp

Last updated on 2017-02-24 23:52:28.

Flavor Version Tinstall Tcheck Ttotal Status Flags
r-devel-linux-x86_64-debian-clang 0.1.0.4 141.45 38.96 180.41 NOTE
r-devel-linux-x86_64-debian-gcc 0.1.0.4 160.53 37.82 198.34 NOTE
r-devel-linux-x86_64-fedora-clang 0.1.0.4 357.29 NOTE --no-stop-on-test-error
r-devel-linux-x86_64-fedora-gcc 0.1.0.4 377.37 NOTE --no-stop-on-test-error
r-devel-macos-x86_64-clang 0.1.0.4 221.88 NOTE --no-stop-on-test-error
r-devel-windows-ix86+x86_64 0.1.0.4 700.00 126.00 826.00 NOTE
r-patched-linux-x86_64 0.1.0.4 138.23 28.27 166.50 NOTE
r-patched-solaris-sparc 0.1.0.4 1545.60 NOTE
r-patched-solaris-x86 0.1.0.4 342.20 NOTE
r-release-linux-x86_64 0.1.0.4 139.23 28.36 167.59 NOTE
r-release-osx-x86_64-mavericks 0.1.0.4 NOTE
r-release-windows-ix86+x86_64 0.1.0.4 602.00 110.00 712.00 NOTE
r-oldrel-windows-ix86+x86_64 0.1.0.4 501.00 159.00 660.00 NOTE

Check Details

Version: 0.1.0.4
Check: for GNU extensions in Makefiles
Result: NOTE
    GNU make is a SystemRequirements.
Flavors: r-devel-linux-x86_64-debian-clang, r-devel-linux-x86_64-debian-gcc, r-devel-windows-ix86+x86_64, r-patched-linux-x86_64, r-patched-solaris-sparc, r-patched-solaris-x86, r-release-linux-x86_64, r-release-osx-x86_64-mavericks, r-release-windows-ix86+x86_64, r-oldrel-windows-ix86+x86_64

Version: 0.1.0.4
Check: compiled code
Result: NOTE
    File ‘gbp/libs/gbp.so’:
     Found no calls to: ‘R_registerRoutines’, ‘R_useDynamicSymbols’
    
    It is good practice to register native routines and to disable symbol
    search.
    
    See ‘Writing portable packages’ in the ‘Writing R Extensions’ manual.
Flavors: r-devel-linux-x86_64-debian-clang, r-devel-linux-x86_64-debian-gcc

Version: 0.1.0.4
Flags: --no-stop-on-test-error
Check: installed package size
Result: NOTE
     installed size is 15.6Mb
     sub-directories of 1Mb or more:
     doc 1.2Mb
     libs 14.3Mb
Flavors: r-devel-linux-x86_64-fedora-clang, r-devel-linux-x86_64-fedora-gcc

Version: 0.1.0.4
Flags: --no-stop-on-test-error
Check: for GNU extensions in Makefiles
Result: NOTE
    GNU make is a SystemRequirements.
Flavors: r-devel-linux-x86_64-fedora-clang, r-devel-linux-x86_64-fedora-gcc, r-devel-macos-x86_64-clang

Version: 0.1.0.4
Flags: --no-stop-on-test-error
Check: compiled code
Result: NOTE
    File ‘gbp/libs/gbp.so’:
     Found no calls to: ‘R_registerRoutines’, ‘R_useDynamicSymbols’
    
    It is good practice to register native routines and to disable symbol
    search.
    
    See ‘Writing portable packages’ in the ‘Writing R Extensions’ manual.
Flavors: r-devel-linux-x86_64-fedora-clang, r-devel-linux-x86_64-fedora-gcc, r-devel-macos-x86_64-clang

Version: 0.1.0.4
Check: installed package size
Result: NOTE
     installed size is 15.5Mb
     sub-directories of 1Mb or more:
     doc 1.1Mb
     libs 14.2Mb
Flavors: r-release-osx-x86_64-mavericks, r-oldrel-windows-ix86+x86_64