Last updated on 2017-02-24 23:52:28.
Flavor | Version | Tinstall | Tcheck | Ttotal | Status | Flags |
---|---|---|---|---|---|---|
r-devel-linux-x86_64-debian-clang | 1.0.1 | 1.10 | 19.97 | 21.07 | NOTE | |
r-devel-linux-x86_64-debian-gcc | 1.0.1 | 0.89 | 18.85 | 19.74 | NOTE | |
r-devel-linux-x86_64-fedora-clang | 1.0.1 | 35.35 | NOTE | --no-stop-on-test-error | ||
r-devel-linux-x86_64-fedora-gcc | 1.0.1 | 31.52 | NOTE | --no-stop-on-test-error | ||
r-devel-macos-x86_64-clang | 1.0.1 | 28.89 | NOTE | --no-stop-on-test-error | ||
r-devel-windows-ix86+x86_64 | 1.0.1 | 13.00 | 48.00 | 61.00 | NOTE | |
r-patched-linux-x86_64 | 1.0.1 | 0.82 | 15.61 | 16.43 | NOTE | |
r-patched-solaris-sparc | 1.0.1 | 180.10 | NOTE | |||
r-patched-solaris-x86 | 1.0.1 | 42.70 | NOTE | |||
r-release-linux-x86_64 | 1.0.1 | 0.95 | 15.81 | 16.76 | NOTE | |
r-release-osx-x86_64-mavericks | 1.0.1 | OK | ||||
r-release-windows-ix86+x86_64 | 1.0.1 | 6.00 | 52.00 | 58.00 | NOTE |
Version: 1.0.1
Check: dependencies in R code
Result: NOTE
Missing or unexported object: ‘xgboost::predict’
Flavors: r-devel-linux-x86_64-debian-clang, r-devel-linux-x86_64-debian-gcc, r-devel-windows-ix86+x86_64, r-patched-linux-x86_64, r-patched-solaris-sparc, r-patched-solaris-x86, r-release-linux-x86_64, r-release-windows-ix86+x86_64
Version: 1.0.1
Flags: --no-stop-on-test-error
Check: dependencies in R code
Result: NOTE
Missing or unexported object: ‘xgboost::predict’
Flavors: r-devel-linux-x86_64-fedora-clang, r-devel-linux-x86_64-fedora-gcc, r-devel-macos-x86_64-clang