CRAN Package Check Results for Package gcKrig

Last updated on 2017-02-24 23:52:28.

Flavor Version Tinstall Tcheck Ttotal Status Flags
r-devel-linux-x86_64-debian-clang 1.0.1 19.42 23.60 43.02 NOTE
r-devel-linux-x86_64-debian-gcc 1.0.1 22.02 23.77 45.80 NOTE
r-devel-linux-x86_64-fedora-clang 1.0.1 86.98 NOTE --no-stop-on-test-error
r-devel-linux-x86_64-fedora-gcc 1.0.1 83.10 NOTE --no-stop-on-test-error
r-devel-macos-x86_64-clang 1.0.1 60.69 NOTE --no-stop-on-test-error
r-devel-windows-ix86+x86_64 1.0.1 122.00 79.00 201.00 OK
r-patched-linux-x86_64 1.0.1 16.73 21.87 38.60 OK
r-patched-solaris-sparc 1.0.1 450.70 NOTE
r-patched-solaris-x86 1.0.1 88.10 NOTE
r-release-linux-x86_64 1.0.1 17.22 22.12 39.35 OK
r-release-osx-x86_64-mavericks 1.0.1 OK
r-release-windows-ix86+x86_64 1.0.1 90.00 58.00 148.00 OK
r-oldrel-windows-ix86+x86_64 1.0.1 107.00 108.00 215.00 OK

Check Details

Version: 1.0.1
Check: compiled code
Result: NOTE
    File ‘gcKrig/libs/gcKrig.so’:
     Found no calls to: ‘R_registerRoutines’, ‘R_useDynamicSymbols’
    
    It is good practice to register native routines and to disable symbol
    search.
    
    See ‘Writing portable packages’ in the ‘Writing R Extensions’ manual.
Flavors: r-devel-linux-x86_64-debian-clang, r-devel-linux-x86_64-debian-gcc

Version: 1.0.1
Flags: --no-stop-on-test-error
Check: compiled code
Result: NOTE
    File ‘gcKrig/libs/gcKrig.so’:
     Found no calls to: ‘R_registerRoutines’, ‘R_useDynamicSymbols’
    
    It is good practice to register native routines and to disable symbol
    search.
    
    See ‘Writing portable packages’ in the ‘Writing R Extensions’ manual.
Flavors: r-devel-linux-x86_64-fedora-clang, r-devel-linux-x86_64-fedora-gcc, r-devel-macos-x86_64-clang

Version: 1.0.1
Check: Rd cross-references
Result: NOTE
    Package unavailable to check Rd xrefs: ‘gcmr’
Flavors: r-patched-solaris-sparc, r-patched-solaris-x86