CRAN Package Check Results for Package geoBayes

Last updated on 2017-02-24 23:52:28.

Flavor Version Tinstall Tcheck Ttotal Status Flags
r-devel-linux-x86_64-debian-clang 0.3.3 9.55 25.44 34.99 NOTE
r-devel-linux-x86_64-debian-gcc 0.3.3 9.87 25.32 35.18 NOTE
r-devel-linux-x86_64-fedora-clang 0.3.3 61.95 NOTE --no-stop-on-test-error
r-devel-linux-x86_64-fedora-gcc 0.3.3 58.12 NOTE --no-stop-on-test-error
r-devel-macos-x86_64-clang 0.3.3 51.90 NOTE --no-stop-on-test-error
r-devel-windows-ix86+x86_64 0.3.3 77.00 78.00 155.00 OK
r-patched-linux-x86_64 0.3.3 9.25 21.76 31.02 OK
r-patched-solaris-sparc 0.3.3 338.90 NOTE
r-patched-solaris-x86 0.3.3 77.40 NOTE
r-release-linux-x86_64 0.3.3 9.33 21.75 31.09 OK
r-release-osx-x86_64-mavericks 0.3.3 OK
r-release-windows-ix86+x86_64 0.3.3 54.00 51.00 105.00 OK
r-oldrel-windows-ix86+x86_64 0.3.3 73.00 107.00 180.00 OK

Check Details

Version: 0.3.3
Check: compiled code
Result: NOTE
    File ‘geoBayes/libs/geoBayes.so’:
     Found no calls to: ‘R_registerRoutines’, ‘R_useDynamicSymbols’
    
    It is good practice to register native routines and to disable symbol
    search.
    
    See ‘Writing portable packages’ in the ‘Writing R Extensions’ manual.
Flavors: r-devel-linux-x86_64-debian-clang, r-devel-linux-x86_64-debian-gcc

Version: 0.3.3
Flags: --no-stop-on-test-error
Check: compiled code
Result: NOTE
    File ‘geoBayes/libs/geoBayes.so’:
     Found no calls to: ‘R_registerRoutines’, ‘R_useDynamicSymbols’
    
    It is good practice to register native routines and to disable symbol
    search.
    
    See ‘Writing portable packages’ in the ‘Writing R Extensions’ manual.
Flavors: r-devel-linux-x86_64-fedora-clang, r-devel-linux-x86_64-fedora-gcc, r-devel-macos-x86_64-clang

Version: 0.3.3
Check: package dependencies
Result: NOTE
    Packages suggested but not available for checking: ‘geoR’ ‘geoRglm’
Flavors: r-patched-solaris-sparc, r-patched-solaris-x86

Version: 0.3.3
Check: Rd cross-references
Result: NOTE
    Package unavailable to check Rd xrefs: ‘geoR’
Flavors: r-patched-solaris-sparc, r-patched-solaris-x86