CRAN Package Check Results for Package gettz

Last updated on 2017-02-24 23:52:29.

Flavor Version Tinstall Tcheck Ttotal Status Flags
r-devel-linux-x86_64-debian-clang 0.0.3 0.94 9.53 10.47 NOTE
r-devel-linux-x86_64-debian-gcc 0.0.3 0.90 9.19 10.08 NOTE
r-devel-linux-x86_64-fedora-clang 0.0.3 17.01 NOTE --no-stop-on-test-error
r-devel-linux-x86_64-fedora-gcc 0.0.3 15.74 NOTE --no-stop-on-test-error
r-devel-macos-x86_64-clang 0.0.3 15.73 NOTE --no-stop-on-test-error
r-devel-windows-ix86+x86_64 0.0.3 4.00 34.00 38.00 OK
r-patched-linux-x86_64 0.0.3 0.86 7.86 8.72 OK
r-patched-solaris-sparc 0.0.3 86.50 OK
r-patched-solaris-x86 0.0.3 20.90 OK
r-release-linux-x86_64 0.0.3 0.81 7.89 8.69 OK
r-release-osx-x86_64-mavericks 0.0.3 OK
r-release-windows-ix86+x86_64 0.0.3 12.00 54.00 66.00 OK
r-oldrel-windows-ix86+x86_64 0.0.3 9.00 28.00 37.00 OK

Check Details

Version: 0.0.3
Check: compiled code
Result: NOTE
    File ‘gettz/libs/gettz.so’:
     Found no calls to: ‘R_registerRoutines’, ‘R_useDynamicSymbols’
    
    It is good practice to register native routines and to disable symbol
    search.
    
    See ‘Writing portable packages’ in the ‘Writing R Extensions’ manual.
Flavors: r-devel-linux-x86_64-debian-clang, r-devel-linux-x86_64-debian-gcc

Version: 0.0.3
Flags: --no-stop-on-test-error
Check: compiled code
Result: NOTE
    File ‘gettz/libs/gettz.so’:
     Found no calls to: ‘R_registerRoutines’, ‘R_useDynamicSymbols’
    
    It is good practice to register native routines and to disable symbol
    search.
    
    See ‘Writing portable packages’ in the ‘Writing R Extensions’ manual.
Flavors: r-devel-linux-x86_64-fedora-clang, r-devel-linux-x86_64-fedora-gcc, r-devel-macos-x86_64-clang