Last updated on 2017-02-24 23:52:29.
Flavor | Version | Tinstall | Tcheck | Ttotal | Status | Flags |
---|---|---|---|---|---|---|
r-devel-linux-x86_64-debian-clang | 2.0.1 | 3.42 | 50.54 | 53.96 | OK | |
r-devel-linux-x86_64-debian-gcc | 2.0.1 | 3.12 | 50.13 | 53.25 | OK | |
r-devel-linux-x86_64-fedora-clang | 2.0.1 | 120.49 | NOTE | --no-stop-on-test-error | ||
r-devel-linux-x86_64-fedora-gcc | 2.0.1 | 110.34 | NOTE | --no-stop-on-test-error | ||
r-devel-macos-x86_64-clang | 2.0.1 | 88.41 | NOTE | --no-stop-on-test-error | ||
r-devel-windows-ix86+x86_64 | 2.0.1 | 23.00 | 118.00 | 141.00 | OK | |
r-patched-linux-x86_64 | 2.0.1 | 2.97 | 43.97 | 46.93 | OK | |
r-patched-solaris-sparc | 2.0.1 | 591.50 | NOTE | |||
r-patched-solaris-x86 | 2.0.1 | 128.40 | NOTE | |||
r-release-linux-x86_64 | 2.0.1 | 3.00 | 44.00 | 47.00 | OK | |
r-release-osx-x86_64-mavericks | 2.0.1 | NOTE | ||||
r-release-windows-ix86+x86_64 | 2.0.1 | 13.00 | 84.00 | 97.00 | OK | |
r-oldrel-windows-ix86+x86_64 | 2.0.1 | 15.00 | 106.00 | 121.00 | NOTE |
Version: 2.0.1
Flags: --no-stop-on-test-error
Check: dependencies in R code
Result: NOTE
Namespace in Imports field not imported from: ‘randomForest’
All declared Imports should be used.
Flavors: r-devel-linux-x86_64-fedora-clang, r-devel-linux-x86_64-fedora-gcc, r-devel-macos-x86_64-clang
Version: 2.0.1
Check: dependencies in R code
Result: NOTE
Namespace in Imports field not imported from: ‘randomForest’
All declared Imports should be used.
Flavors: r-patched-solaris-sparc, r-patched-solaris-x86, r-release-osx-x86_64-mavericks, r-oldrel-windows-ix86+x86_64