CRAN Package Check Results for Package ggiraph

Last updated on 2017-02-24 23:52:29.

Flavor Version Tinstall Tcheck Ttotal Status Flags
r-devel-linux-x86_64-debian-clang 0.3.2 2.13 40.63 42.77 OK
r-devel-linux-x86_64-debian-gcc 0.3.2 2.10 40.13 42.24 OK
r-devel-linux-x86_64-fedora-clang 0.3.2 84.26 OK --no-stop-on-test-error
r-devel-linux-x86_64-fedora-gcc 0.3.2 76.00 OK --no-stop-on-test-error
r-devel-macos-x86_64-clang 0.3.2 64.48 OK --no-stop-on-test-error
r-devel-windows-ix86+x86_64 0.3.2 17.00 109.00 126.00 OK
r-patched-linux-x86_64 0.3.2 1.60 28.16 29.76 OK
r-patched-solaris-sparc 0.3.2 320.60 WARN
r-patched-solaris-x86 0.3.2 65.70 WARN
r-release-linux-x86_64 0.3.2 1.58 27.90 29.48 OK
r-release-osx-x86_64-mavericks 0.3.2 WARN
r-release-windows-ix86+x86_64 0.3.2 12.00 66.00 78.00 OK
r-oldrel-windows-ix86+x86_64 0.3.2 12.00 85.00 97.00 OK

Check Details

Version: 0.3.2
Check: re-building of vignette outputs
Result: WARN
    Error in re-building vignettes:
     ...
    Warning in engine$weave(file, quiet = quiet, encoding = enc) :
     Pandoc (>= 1.12.3) and/or pandoc-citeproc not available. Falling back to R Markdown v1.
    Loading required package: ggplot2
    PhantomJS not found. You can install it with webshot::install_phantomjs(). If it is installed, please make sure the phantomjs executable can be found via the PATH variable.
    Warning in normalizePath(f2) :
     path[1]="./webshot1a3e52981b9f.png": No such file or directory
    Warning in file(con, "rb") :
     cannot open file './webshot1a3e52981b9f.png': No such file or directory
    Quitting from lines 13-27 (an_introduction.Rmd)
    Error: processing vignette 'an_introduction.Rmd' failed with diagnostics:
    cannot open the connection
    Execution halted
Flavor: r-patched-solaris-sparc

Version: 0.3.2
Check: re-building of vignette outputs
Result: WARN
    Error in re-building vignettes:
     ...
    Warning in engine$weave(file, quiet = quiet, encoding = enc) :
     Pandoc (>= 1.12.3) and/or pandoc-citeproc not available. Falling back to R Markdown v1.
    Loading required package: ggplot2
    PhantomJS not found. You can install it with webshot::install_phantomjs(). If it is installed, please make sure the phantomjs executable can be found via the PATH variable.
    Warning in normalizePath(f2) :
     path[1]="./webshot4c604ce58db.png": No such file or directory
    Warning in file(con, "rb") :
     cannot open file './webshot4c604ce58db.png': No such file or directory
    Quitting from lines 13-27 (an_introduction.Rmd)
    Error: processing vignette 'an_introduction.Rmd' failed with diagnostics:
    cannot open the connection
    Execution halted
Flavor: r-patched-solaris-x86

Version: 0.3.2
Check: re-building of vignette outputs
Result: WARN
    Error in re-building vignettes:
     ...
    Warning: It seems you should call rmarkdown::render() instead of knitr::knit2html() because an_introduction.Rmd appears to be an R Markdown v2 document.
    Loading required package: ggplot2
    Fontconfig warning: line 146: blank doesn't take any effect anymore. please remove it from your fonts.conf
    Fontconfig warning: line 146: blank doesn't take any effect anymore. please remove it from your fonts.conf
    Fontconfig warning: line 146: blank doesn't take any effect anymore. please remove it from your fonts.conf
    Fontconfig warning: line 146: blank doesn't take any effect anymore. please remove it from your fonts.conf
    Fontconfig warning: line 146: blank doesn't take any effect anymore. please remove it from your fonts.conf
    PhantomJS not found. You can install it with webshot::install_phantomjs(). If it is installed, please make sure the phantomjs executable can be found via the PATH variable.
    Warning in normalizePath(f2) :
     path[1]="./webshotfc0629dcd35c.png": No such file or directory
    Warning in file(con, "rb") :
     cannot open file './webshotfc0629dcd35c.png': No such file or directory
    Quitting from lines 13-27 (an_introduction.Rmd)
    Error: processing vignette 'an_introduction.Rmd' failed with diagnostics:
    cannot open the connection
    Execution halted
Flavor: r-release-osx-x86_64-mavericks