Last updated on 2017-02-24 23:52:29.
Flavor | Version | Tinstall | Tcheck | Ttotal | Status | Flags |
---|---|---|---|---|---|---|
r-devel-linux-x86_64-debian-clang | 1.5.7 | 1.85 | 48.61 | 50.46 | NOTE | |
r-devel-linux-x86_64-debian-gcc | 1.5.7 | 1.89 | 48.23 | 50.12 | NOTE | |
r-devel-linux-x86_64-fedora-clang | 1.5.7 | 101.01 | NOTE | --no-stop-on-test-error | ||
r-devel-linux-x86_64-fedora-gcc | 1.5.7 | 91.68 | NOTE | --no-stop-on-test-error | ||
r-devel-macos-x86_64-clang | 1.5.7 | 71.88 | NOTE | --no-stop-on-test-error | ||
r-devel-windows-ix86+x86_64 | 1.5.7 | 23.00 | 168.00 | 191.00 | OK | |
r-patched-linux-x86_64 | 1.5.7 | 2.03 | 44.43 | 46.46 | OK | |
r-patched-solaris-sparc | 1.5.7 | 529.10 | OK | |||
r-patched-solaris-x86 | 1.5.7 | 96.50 | OK | |||
r-release-linux-x86_64 | 1.5.7 | 1.68 | 44.08 | 45.76 | OK | |
r-release-osx-x86_64-mavericks | 1.5.7 | OK | ||||
r-release-windows-ix86+x86_64 | 1.5.7 | 12.00 | 143.00 | 155.00 | OK | |
r-oldrel-windows-ix86+x86_64 | 1.5.7 | 22.00 | 201.00 | 223.00 | OK |
Version: 1.5.7
Check: compiled code
Result: NOTE
File ‘ghyp/libs/ghyp.so’:
Found no calls to: ‘R_registerRoutines’, ‘R_useDynamicSymbols’
It is good practice to register native routines and to disable symbol
search.
See ‘Writing portable packages’ in the ‘Writing R Extensions’ manual.
Flavors: r-devel-linux-x86_64-debian-clang, r-devel-linux-x86_64-debian-gcc
Version: 1.5.7
Flags: --no-stop-on-test-error
Check: compiled code
Result: NOTE
File ‘ghyp/libs/ghyp.so’:
Found no calls to: ‘R_registerRoutines’, ‘R_useDynamicSymbols’
It is good practice to register native routines and to disable symbol
search.
See ‘Writing portable packages’ in the ‘Writing R Extensions’ manual.
Flavors: r-devel-linux-x86_64-fedora-clang, r-devel-linux-x86_64-fedora-gcc, r-devel-macos-x86_64-clang