Last updated on 2017-02-24 23:52:29.
Flavor | Version | Tinstall | Tcheck | Ttotal | Status | Flags |
---|---|---|---|---|---|---|
r-devel-linux-x86_64-debian-clang | 2.0.1 | 43.55 | 14.40 | 57.95 | NOTE | |
r-devel-linux-x86_64-debian-gcc | 2.0.1 | 28.04 | 14.33 | 42.37 | NOTE | |
r-devel-linux-x86_64-fedora-clang | 2.0.1 | 116.87 | NOTE | --no-stop-on-test-error | ||
r-devel-linux-x86_64-fedora-gcc | 2.0.1 | 75.99 | NOTE | --no-stop-on-test-error | ||
r-devel-macos-x86_64-clang | 2.0.1 | 71.33 | NOTE | --no-stop-on-test-error | ||
r-devel-windows-ix86+x86_64 | 2.0.1 | 114.00 | 70.00 | 184.00 | OK | |
r-patched-linux-x86_64 | 2.0.1 | 23.95 | 12.53 | 36.48 | OK | |
r-patched-solaris-sparc | 2.0.1 | 404.30 | OK | |||
r-patched-solaris-x86 | 2.0.1 | 80.00 | OK | |||
r-release-linux-x86_64 | 2.0.1 | 23.84 | 12.09 | 35.93 | OK | |
r-release-osx-x86_64-mavericks | 2.0.1 | OK | ||||
r-release-windows-ix86+x86_64 | 2.0.1 | 93.00 | 56.00 | 149.00 | OK | |
r-oldrel-windows-ix86+x86_64 | 2.0.1 | 83.00 | 85.00 | 168.00 | OK |
Version: 2.0.1
Check: compiled code
Result: NOTE
File ‘glamlasso/libs/glamlasso.so’:
Found no calls to: ‘R_registerRoutines’, ‘R_useDynamicSymbols’
It is good practice to register native routines and to disable symbol
search.
See ‘Writing portable packages’ in the ‘Writing R Extensions’ manual.
Flavors: r-devel-linux-x86_64-debian-clang, r-devel-linux-x86_64-debian-gcc
Version: 2.0.1
Flags: --no-stop-on-test-error
Check: compiled code
Result: NOTE
File ‘glamlasso/libs/glamlasso.so’:
Found no calls to: ‘R_registerRoutines’, ‘R_useDynamicSymbols’
It is good practice to register native routines and to disable symbol
search.
See ‘Writing portable packages’ in the ‘Writing R Extensions’ manual.
Flavors: r-devel-linux-x86_64-fedora-clang, r-devel-linux-x86_64-fedora-gcc, r-devel-macos-x86_64-clang