CRAN Package Check Results for Package glmlep

Last updated on 2017-02-24 23:52:29.

Flavor Version Tinstall Tcheck Ttotal Status Flags
r-devel-linux-x86_64-debian-clang 0.1 1.42 16.99 18.40 NOTE
r-devel-linux-x86_64-debian-gcc 0.1 1.30 18.01 19.31 NOTE
r-devel-linux-x86_64-fedora-clang 0.1 48.80 NOTE --no-stop-on-test-error
r-devel-linux-x86_64-fedora-gcc 0.1 45.05 NOTE --no-stop-on-test-error
r-devel-macos-x86_64-clang 0.1 24.84 NOTE --no-stop-on-test-error
r-devel-windows-ix86+x86_64 0.1 6.00 80.00 86.00 NOTE
r-patched-linux-x86_64 0.1 1.20 15.51 16.71 NOTE
r-patched-solaris-sparc 0.1 225.20 NOTE
r-patched-solaris-x86 0.1 36.60 NOTE
r-release-linux-x86_64 0.1 1.19 15.70 16.89 NOTE
r-release-osx-x86_64-mavericks 0.1 NOTE
r-release-windows-ix86+x86_64 0.1 8.00 60.00 68.00 NOTE
r-oldrel-windows-ix86+x86_64 0.1 7.00 60.00 67.00 NOTE

Check Details

Version: 0.1
Check: foreign function calls
Result: NOTE
    Calls with DUP:
     .C("gaulep", as.double(x), as.double(y), as.double(ls[i]), as.double(kappa),
     as.double(tol), as.integer(max.ite), as.integer(n), as.integer(p),
     as.double(beta0), DUP = FALSE)
     .C("binlep", as.double(x), as.double(y), as.double(ls[i]), as.double(kappa),
     as.double(tol), as.integer(max.ite), as.integer(n), as.integer(p),
     as.double(beta0), DUP = FALSE)
     .C("gaulep", as.double(train.x), as.double(train.y), as.double(ls[i]),
     as.double(kappa), as.double(tol), as.integer(max.ite), as.integer(nj),
     as.integer(p), as.double(beta0), DUP = FALSE)
     .C("binlep", as.double(train.x), as.double(train.y), as.double(ls[i]),
     as.double(kappa), as.double(tol), as.integer(max.ite), as.integer(nj),
     as.integer(p), as.double(beta0), DUP = FALSE)
     .C("gaulep", as.double(x), as.double(y), as.double(ls[i]), as.double(kappa),
     as.double(tol), as.integer(max.ite), as.integer(n), as.integer(p),
     as.double(beta0), DUP = FALSE)
     .C("binlep", as.double(x), as.double(y), as.double(ls[i]), as.double(kappa),
     as.double(tol), as.integer(max.ite), as.integer(n), as.integer(p),
     as.double(beta0), DUP = FALSE)
    DUP is no longer supported and will be ignored.
Flavors: r-devel-linux-x86_64-debian-clang, r-devel-linux-x86_64-debian-gcc, r-devel-windows-ix86+x86_64, r-patched-linux-x86_64, r-patched-solaris-sparc, r-patched-solaris-x86, r-release-linux-x86_64, r-release-osx-x86_64-mavericks, r-release-windows-ix86+x86_64, r-oldrel-windows-ix86+x86_64

Version: 0.1
Check: R code for possible problems
Result: NOTE
    SetLambda: no visible global function definition for ‘lm’
    Undefined global functions or variables:
     lm
    Consider adding
     importFrom("stats", "lm")
    to your NAMESPACE file.
Flavors: r-devel-linux-x86_64-debian-clang, r-devel-linux-x86_64-debian-gcc, r-devel-windows-ix86+x86_64, r-patched-linux-x86_64, r-patched-solaris-sparc, r-patched-solaris-x86, r-release-linux-x86_64, r-release-osx-x86_64-mavericks, r-release-windows-ix86+x86_64

Version: 0.1
Check: compiled code
Result: NOTE
    File ‘glmlep/libs/glmlep.so’:
     Found no calls to: ‘R_registerRoutines’, ‘R_useDynamicSymbols’
    
    It is good practice to register native routines and to disable symbol
    search.
    
    See ‘Writing portable packages’ in the ‘Writing R Extensions’ manual.
Flavors: r-devel-linux-x86_64-debian-clang, r-devel-linux-x86_64-debian-gcc

Version: 0.1
Flags: --no-stop-on-test-error
Check: foreign function calls
Result: NOTE
    Calls with DUP:
     .C("gaulep", as.double(x), as.double(y), as.double(ls[i]), as.double(kappa),
     as.double(tol), as.integer(max.ite), as.integer(n), as.integer(p),
     as.double(beta0), DUP = FALSE)
     .C("binlep", as.double(x), as.double(y), as.double(ls[i]), as.double(kappa),
     as.double(tol), as.integer(max.ite), as.integer(n), as.integer(p),
     as.double(beta0), DUP = FALSE)
     .C("gaulep", as.double(train.x), as.double(train.y), as.double(ls[i]),
     as.double(kappa), as.double(tol), as.integer(max.ite), as.integer(nj),
     as.integer(p), as.double(beta0), DUP = FALSE)
     .C("binlep", as.double(train.x), as.double(train.y), as.double(ls[i]),
     as.double(kappa), as.double(tol), as.integer(max.ite), as.integer(nj),
     as.integer(p), as.double(beta0), DUP = FALSE)
     .C("gaulep", as.double(x), as.double(y), as.double(ls[i]), as.double(kappa),
     as.double(tol), as.integer(max.ite), as.integer(n), as.integer(p),
     as.double(beta0), DUP = FALSE)
     .C("binlep", as.double(x), as.double(y), as.double(ls[i]), as.double(kappa),
     as.double(tol), as.integer(max.ite), as.integer(n), as.integer(p),
     as.double(beta0), DUP = FALSE)
    DUP is no longer supported and will be ignored.
Flavors: r-devel-linux-x86_64-fedora-clang, r-devel-linux-x86_64-fedora-gcc, r-devel-macos-x86_64-clang

Version: 0.1
Flags: --no-stop-on-test-error
Check: R code for possible problems
Result: NOTE
    SetLambda: no visible global function definition for ‘lm’
    Undefined global functions or variables:
     lm
    Consider adding
     importFrom("stats", "lm")
    to your NAMESPACE file.
Flavors: r-devel-linux-x86_64-fedora-clang, r-devel-linux-x86_64-fedora-gcc, r-devel-macos-x86_64-clang

Version: 0.1
Flags: --no-stop-on-test-error
Check: compiled code
Result: NOTE
    File ‘glmlep/libs/glmlep.so’:
     Found no calls to: ‘R_registerRoutines’, ‘R_useDynamicSymbols’
    
    It is good practice to register native routines and to disable symbol
    search.
    
    See ‘Writing portable packages’ in the ‘Writing R Extensions’ manual.
Flavors: r-devel-linux-x86_64-fedora-clang, r-devel-linux-x86_64-fedora-gcc, r-devel-macos-x86_64-clang