CRAN Package Check Results for Package gmum.r

Last updated on 2017-02-24 23:52:29.

Flavor Version Tinstall Tcheck Ttotal Status Flags
r-devel-linux-x86_64-debian-clang 0.2.1 192.87 71.35 264.22 NOTE
r-devel-linux-x86_64-debian-gcc 0.2.1 213.49 70.64 284.12 NOTE
r-devel-linux-x86_64-fedora-clang 0.2.1 553.30 NOTE --no-stop-on-test-error
r-devel-linux-x86_64-fedora-gcc 0.2.1 551.80 NOTE --no-stop-on-test-error
r-devel-macos-x86_64-clang 0.2.1 341.30 NOTE --no-stop-on-test-error
r-devel-windows-ix86+x86_64 0.2.1 592.00 5.00 597.00 ERROR
r-patched-linux-x86_64 0.2.1 182.78 64.55 247.34 OK
r-patched-solaris-sparc 0.2.1 2603.10 OK
r-patched-solaris-x86 0.2.1 526.00 OK
r-release-linux-x86_64 0.2.1 182.71 64.52 247.23 OK
r-release-osx-x86_64-mavericks 0.2.1 NOTE
r-release-windows-ix86+x86_64 0.2.1 451.00 5.00 456.00 ERROR
r-oldrel-windows-ix86+x86_64 0.2.1 817.00 243.00 1060.00 NOTE

Memtest notes: valgrind

Check Details

Version: 0.2.1
Check: compiled code
Result: NOTE
    File ‘gmum.r/libs/gmum.r.so’:
     Found no calls to: ‘R_registerRoutines’, ‘R_useDynamicSymbols’
    
    It is good practice to register native routines and to disable symbol
    search.
    
    See ‘Writing portable packages’ in the ‘Writing R Extensions’ manual.
Flavors: r-devel-linux-x86_64-debian-clang, r-devel-linux-x86_64-debian-gcc

Version: 0.2.1
Flags: --no-stop-on-test-error
Check: installed package size
Result: NOTE
     installed size is 15.9Mb
     sub-directories of 1Mb or more:
     libs 14.8Mb
Flavors: r-devel-linux-x86_64-fedora-clang, r-devel-linux-x86_64-fedora-gcc

Version: 0.2.1
Flags: --no-stop-on-test-error
Check: compiled code
Result: NOTE
    File ‘gmum.r/libs/gmum.r.so’:
     Found no calls to: ‘R_registerRoutines’, ‘R_useDynamicSymbols’
    
    It is good practice to register native routines and to disable symbol
    search.
    
    See ‘Writing portable packages’ in the ‘Writing R Extensions’ manual.
Flavors: r-devel-linux-x86_64-fedora-clang, r-devel-linux-x86_64-fedora-gcc, r-devel-macos-x86_64-clang

Version: 0.2.1
Check: whether package can be installed
Result: ERROR
    Installation failed.
Flavors: r-devel-windows-ix86+x86_64, r-release-windows-ix86+x86_64

Version: 0.2.1
Check: installed package size
Result: NOTE
     installed size is 15.8Mb
     sub-directories of 1Mb or more:
     libs 14.8Mb
Flavors: r-release-osx-x86_64-mavericks, r-oldrel-windows-ix86+x86_64