CRAN Package Check Results for Package gogarch

Last updated on 2017-02-24 23:52:29.

Flavor Version Tinstall Tcheck Ttotal Status Flags
r-devel-linux-x86_64-debian-clang 0.7-2 2.50 31.79 34.28 NOTE
r-devel-linux-x86_64-debian-gcc 0.7-2 2.72 30.30 33.02 NOTE
r-devel-linux-x86_64-fedora-clang 0.7-2 62.94 NOTE --no-stop-on-test-error
r-devel-linux-x86_64-fedora-gcc 0.7-2 59.85 NOTE --no-stop-on-test-error
r-devel-macos-x86_64-clang 0.7-2 49.11 NOTE --no-stop-on-test-error
r-devel-windows-ix86+x86_64 0.7-2 18.00 88.00 106.00 NOTE
r-patched-linux-x86_64 0.7-2 2.70 27.52 30.22 NOTE
r-patched-solaris-sparc 0.7-2 352.50 NOTE
r-patched-solaris-x86 0.7-2 74.30 NOTE
r-release-linux-x86_64 0.7-2 2.42 27.47 29.89 NOTE
r-release-osx-x86_64-mavericks 0.7-2 NOTE
r-release-windows-ix86+x86_64 0.7-2 11.00 69.00 80.00 NOTE
r-oldrel-windows-ix86+x86_64 0.7-2 18.00 110.00 128.00 NOTE

Check Details

Version: 0.7-2
Check: DESCRIPTION meta-information
Result: NOTE
    Malformed Description field: should contain one or more complete sentences.
Flavors: r-devel-linux-x86_64-debian-clang, r-devel-linux-x86_64-debian-gcc, r-devel-windows-ix86+x86_64, r-patched-linux-x86_64, r-patched-solaris-sparc, r-patched-solaris-x86, r-release-linux-x86_64, r-release-osx-x86_64-mavericks, r-release-windows-ix86+x86_64, r-oldrel-windows-ix86+x86_64

Version: 0.7-2
Check: dependencies in R code
Result: NOTE
    Packages in Depends field not imported from:
     ‘fGarch’ ‘fastICA’
     These packages need to be imported from (in the NAMESPACE file)
     for when this namespace is loaded but not attached.
Flavors: r-devel-linux-x86_64-debian-clang, r-devel-linux-x86_64-debian-gcc, r-devel-windows-ix86+x86_64, r-patched-linux-x86_64, r-patched-solaris-sparc, r-patched-solaris-x86, r-release-linux-x86_64, r-release-osx-x86_64-mavericks, r-release-windows-ix86+x86_64, r-oldrel-windows-ix86+x86_64

Version: 0.7-2
Check: R code for possible problems
Result: NOTE
    UprodR: no visible global function definition for ‘combn’
    goinit: no visible global function definition for ‘as.formula’
    ccor,GoGARCH : <anonymous>: no visible global function definition for
     ‘cov2cor’
    ccor,Gopredict : <anonymous>: no visible global function definition for
     ‘cov2cor’
    goest,Goestica: no visible global function definition for ‘fastICA’
    goest,Goestml: no visible global function definition for ‘nlminb’
    goest,Goestmm : <anonymous>: no visible global function definition for
     ‘combn’
    goest,Goestnls: no visible global function definition for ‘optim’
    show,Goinit: no visible global function definition for ‘head’
    show,Gopredict: no visible global function definition for ‘head’
    update,GoGARCH: no visible global function definition for
     ‘update.formula’
    update,Goestica: no visible global function definition for
     ‘update.formula’
    update,Goestml: no visible global function definition for
     ‘update.formula’
    update,Goestmm: no visible global function definition for
     ‘update.formula’
    update,Goestnls: no visible global function definition for
     ‘update.formula’
    Undefined global functions or variables:
     as.formula combn cov2cor fastICA head nlminb optim update.formula
    Consider adding
     importFrom("stats", "as.formula", "cov2cor", "nlminb", "optim",
     "update.formula")
     importFrom("utils", "combn", "head")
    to your NAMESPACE file.
Flavors: r-devel-linux-x86_64-debian-clang, r-devel-linux-x86_64-debian-gcc, r-devel-windows-ix86+x86_64, r-patched-linux-x86_64, r-patched-solaris-sparc, r-patched-solaris-x86, r-release-linux-x86_64, r-release-osx-x86_64-mavericks, r-release-windows-ix86+x86_64

Version: 0.7-2
Flags: --no-stop-on-test-error
Check: DESCRIPTION meta-information
Result: NOTE
    Malformed Description field: should contain one or more complete sentences.
Flavors: r-devel-linux-x86_64-fedora-clang, r-devel-linux-x86_64-fedora-gcc, r-devel-macos-x86_64-clang

Version: 0.7-2
Flags: --no-stop-on-test-error
Check: dependencies in R code
Result: NOTE
    Packages in Depends field not imported from:
     ‘fGarch’ ‘fastICA’
     These packages need to be imported from (in the NAMESPACE file)
     for when this namespace is loaded but not attached.
Flavors: r-devel-linux-x86_64-fedora-clang, r-devel-linux-x86_64-fedora-gcc, r-devel-macos-x86_64-clang

Version: 0.7-2
Flags: --no-stop-on-test-error
Check: R code for possible problems
Result: NOTE
    UprodR: no visible global function definition for ‘combn’
    goinit: no visible global function definition for ‘as.formula’
    ccor,GoGARCH : <anonymous>: no visible global function definition for
     ‘cov2cor’
    ccor,Gopredict : <anonymous>: no visible global function definition for
     ‘cov2cor’
    goest,Goestica: no visible global function definition for ‘fastICA’
    goest,Goestml: no visible global function definition for ‘nlminb’
    goest,Goestmm : <anonymous>: no visible global function definition for
     ‘combn’
    goest,Goestnls: no visible global function definition for ‘optim’
    show,Goinit: no visible global function definition for ‘head’
    show,Gopredict: no visible global function definition for ‘head’
    update,GoGARCH: no visible global function definition for
     ‘update.formula’
    update,Goestica: no visible global function definition for
     ‘update.formula’
    update,Goestml: no visible global function definition for
     ‘update.formula’
    update,Goestmm: no visible global function definition for
     ‘update.formula’
    update,Goestnls: no visible global function definition for
     ‘update.formula’
    Undefined global functions or variables:
     as.formula combn cov2cor fastICA head nlminb optim update.formula
    Consider adding
     importFrom("stats", "as.formula", "cov2cor", "nlminb", "optim",
     "update.formula")
     importFrom("utils", "combn", "head")
    to your NAMESPACE file.
Flavors: r-devel-linux-x86_64-fedora-clang, r-devel-linux-x86_64-fedora-gcc, r-devel-macos-x86_64-clang

Version: 0.7-2
Check: R code for possible problems
Result: NOTE
    goest,Goestica : .local: no visible global function definition for
     'fastICA'
Flavor: r-oldrel-windows-ix86+x86_64