CRAN Package Check Results for Package gower

Last updated on 2017-02-24 23:52:29.

Flavor Version Tinstall Tcheck Ttotal Status Flags
r-devel-linux-x86_64-debian-clang 0.1.2 1.46 14.74 16.19 OK
r-devel-linux-x86_64-debian-gcc 0.1.1 1.32 12.77 14.09 NOTE
r-devel-linux-x86_64-fedora-clang 0.1.2 26.38 OK --no-stop-on-test-error
r-devel-linux-x86_64-fedora-gcc 0.1.2 26.46 OK --no-stop-on-test-error
r-devel-macos-x86_64-clang 0.1.2 18.99 OK --no-stop-on-test-error
r-devel-windows-ix86+x86_64 0.1.1 10.00 49.00 59.00 OK
r-patched-linux-x86_64 0.1.1 3.17 9.70 12.87 OK
r-patched-solaris-sparc 0.1.2 110.60 OK
r-patched-solaris-x86 0.1.2 25.20 OK
r-release-linux-x86_64 0.1.2 1.28 9.92 11.20 OK
r-release-osx-x86_64-mavericks 0.1.1 OK
r-release-windows-ix86+x86_64 0.1.2 11.00 47.00 58.00 OK
r-oldrel-windows-ix86+x86_64 0.1.2 15.00 74.00 89.00 OK

Memtest notes: valgrind

Check Details

Version: 0.1.1
Check: compiled code
Result: NOTE
    File ‘gower/libs/gower.so’:
     Found no calls to: ‘R_registerRoutines’, ‘R_useDynamicSymbols’
    
    It is good practice to register native routines and to disable symbol
    search.
    
    See ‘Writing portable packages’ in the ‘Writing R Extensions’ manual.
Flavor: r-devel-linux-x86_64-debian-gcc