Last updated on 2017-02-24 23:52:30.
Flavor | Version | Tinstall | Tcheck | Ttotal | Status | Flags |
---|---|---|---|---|---|---|
r-devel-linux-x86_64-debian-clang | 1.0 | 3.18 | 46.02 | 49.20 | NOTE | |
r-devel-linux-x86_64-debian-gcc | 1.0 | 3.41 | 44.78 | 48.19 | NOTE | |
r-devel-linux-x86_64-fedora-clang | 1.0 | 123.77 | NOTE | --no-stop-on-test-error | ||
r-devel-linux-x86_64-fedora-gcc | 1.0 | 108.62 | NOTE | --no-stop-on-test-error | ||
r-devel-macos-x86_64-clang | 1.0 | 80.44 | NOTE | --no-stop-on-test-error | ||
r-devel-windows-ix86+x86_64 | 1.0 | 19.00 | 110.00 | 129.00 | NOTE | |
r-patched-linux-x86_64 | 1.0 | 3.59 | 42.11 | 45.70 | NOTE | |
r-patched-solaris-sparc | 1.0 | 587.60 | NOTE | |||
r-patched-solaris-x86 | 1.0 | 139.80 | NOTE | |||
r-release-linux-x86_64 | 1.0 | 3.36 | 42.43 | 45.79 | NOTE | |
r-release-osx-x86_64-mavericks | 1.0 | NOTE | ||||
r-release-windows-ix86+x86_64 | 1.0 | 16.00 | 120.00 | 136.00 | NOTE | |
r-oldrel-windows-ix86+x86_64 | 1.0 | 18.00 | 109.00 | 127.00 | OK |
Version: 1.0
Check: R code for possible problems
Result: NOTE
bestcut2: no visible global function definition for ‘pchisq’
cov.func: no visible global function definition for ‘rbinom’
cov.func: no visible global function definition for ‘cov’
cov.func: no visible global function definition for ‘pnorm’
cox.summary: no visible global function definition for ‘predict’
em.func: no visible global function definition for ‘quantile’
genSurvData: no visible global function definition for ‘rweibull’
greyzone.func: no visible global function definition for ‘points’
greyzone.func: no visible global function definition for ‘abline’
Undefined global functions or variables:
abline cov pchisq pnorm points predict quantile rbinom rweibull
Consider adding
importFrom("graphics", "abline", "points")
importFrom("stats", "cov", "pchisq", "pnorm", "predict", "quantile",
"rbinom", "rweibull")
to your NAMESPACE file.
Flavors: r-devel-linux-x86_64-debian-clang, r-devel-linux-x86_64-debian-gcc, r-devel-windows-ix86+x86_64, r-patched-linux-x86_64, r-patched-solaris-sparc, r-patched-solaris-x86, r-release-linux-x86_64, r-release-osx-x86_64-mavericks, r-release-windows-ix86+x86_64
Version: 1.0
Flags: --no-stop-on-test-error
Check: R code for possible problems
Result: NOTE
bestcut2: no visible global function definition for ‘pchisq’
cov.func: no visible global function definition for ‘rbinom’
cov.func: no visible global function definition for ‘cov’
cov.func: no visible global function definition for ‘pnorm’
cox.summary: no visible global function definition for ‘predict’
em.func: no visible global function definition for ‘quantile’
genSurvData: no visible global function definition for ‘rweibull’
greyzone.func: no visible global function definition for ‘points’
greyzone.func: no visible global function definition for ‘abline’
Undefined global functions or variables:
abline cov pchisq pnorm points predict quantile rbinom rweibull
Consider adding
importFrom("graphics", "abline", "points")
importFrom("stats", "cov", "pchisq", "pnorm", "predict", "quantile",
"rbinom", "rweibull")
to your NAMESPACE file.
Flavors: r-devel-linux-x86_64-fedora-clang, r-devel-linux-x86_64-fedora-gcc, r-devel-macos-x86_64-clang