Last updated on 2017-02-24 23:52:30.
Flavor | Version | Tinstall | Tcheck | Ttotal | Status | Flags |
---|---|---|---|---|---|---|
r-devel-linux-x86_64-debian-clang | 0.4-7 | 0.63 | 15.84 | 16.47 | NOTE | |
r-devel-linux-x86_64-debian-gcc | 0.4-7 | 0.72 | 15.21 | 15.93 | NOTE | |
r-devel-linux-x86_64-fedora-clang | 0.4-7 | 26.46 | NOTE | --no-stop-on-test-error | ||
r-devel-linux-x86_64-fedora-gcc | 0.4-7 | 23.27 | NOTE | --no-stop-on-test-error | ||
r-devel-macos-x86_64-clang | 0.4-7 | 22.34 | NOTE | --no-stop-on-test-error | ||
r-devel-windows-ix86+x86_64 | 0.4-7 | 7.00 | 54.00 | 61.00 | NOTE | |
r-patched-linux-x86_64 | 0.4-7 | 0.62 | 11.34 | 11.96 | NOTE | |
r-patched-solaris-sparc | 0.4-7 | 121.30 | NOTE | |||
r-patched-solaris-x86 | 0.4-7 | 30.40 | NOTE | |||
r-release-linux-x86_64 | 0.4-7 | 0.64 | 11.31 | 11.95 | NOTE | |
r-release-osx-x86_64-mavericks | 0.4-7 | NOTE | ||||
r-release-windows-ix86+x86_64 | 0.4-7 | 3.00 | 40.00 | 43.00 | NOTE | |
r-oldrel-windows-ix86+x86_64 | 0.4-7 | 6.00 | 64.00 | 70.00 | NOTE |
Version: 0.4-7
Check: DESCRIPTION meta-information
Result: NOTE
Malformed Description field: should contain one or more complete sentences.
Flavors: r-devel-linux-x86_64-debian-clang, r-devel-linux-x86_64-debian-gcc, r-devel-windows-ix86+x86_64, r-patched-linux-x86_64, r-patched-solaris-sparc, r-patched-solaris-x86, r-release-linux-x86_64, r-release-osx-x86_64-mavericks, r-release-windows-ix86+x86_64, r-oldrel-windows-ix86+x86_64
Version: 0.4-7
Flags: --no-stop-on-test-error
Check: DESCRIPTION meta-information
Result: NOTE
Malformed Description field: should contain one or more complete sentences.
Flavors: r-devel-linux-x86_64-fedora-clang, r-devel-linux-x86_64-fedora-gcc, r-devel-macos-x86_64-clang