CRAN Package Check Results for Package gss

Last updated on 2017-02-24 23:52:30.

Flavor Version Tinstall Tcheck Ttotal Status Flags
r-devel-linux-x86_64-debian-clang 2.1-6 7.69 77.88 85.57 NOTE
r-devel-linux-x86_64-debian-gcc 2.1-6 10.71 75.74 86.45 NOTE
r-devel-linux-x86_64-fedora-clang 2.1-7 85.27 OK --no-stop-on-test-error
r-devel-linux-x86_64-fedora-gcc 2.1-7 85.90 OK --no-stop-on-test-error
r-devel-macos-x86_64-clang 2.1-7 121.63 OK --no-stop-on-test-error
r-devel-windows-ix86+x86_64 2.1-6 41.00 186.00 227.00 OK
r-patched-linux-x86_64 2.1-6 9.46 74.42 83.88 OK
r-patched-solaris-sparc 2.1-7 911.60 OK
r-patched-solaris-x86 2.1-7 144.70 OK
r-release-linux-x86_64 2.1-6 9.12 74.32 83.45 OK
r-release-osx-x86_64-mavericks 2.1-6 OK
r-release-windows-ix86+x86_64 2.1-6 32.00 133.00 165.00 OK
r-oldrel-windows-ix86+x86_64 2.1-7 74.00 223.00 297.00 OK

Check Details

Version: 2.1-6
Check: compiled code
Result: NOTE
    File ‘gss/libs/gss.so’:
     Found no calls to: ‘R_registerRoutines’, ‘R_useDynamicSymbols’
    
    It is good practice to register native routines and to disable symbol
    search.
    
    See ‘Writing portable packages’ in the ‘Writing R Extensions’ manual.
Flavors: r-devel-linux-x86_64-debian-clang, r-devel-linux-x86_64-debian-gcc