Last updated on 2017-02-24 23:52:31.
Flavor | Version | Tinstall | Tcheck | Ttotal | Status | Flags |
---|---|---|---|---|---|---|
r-devel-linux-x86_64-debian-clang | 1.1.4 | 23.78 | 37.68 | 61.47 | NOTE | |
r-devel-linux-x86_64-debian-gcc | 1.1.4 | 24.78 | 36.17 | 60.96 | NOTE | |
r-devel-linux-x86_64-fedora-clang | 1.1.4 | 142.92 | NOTE | --no-stop-on-test-error | ||
r-devel-linux-x86_64-fedora-gcc | 1.1.4 | 123.80 | NOTE | --no-stop-on-test-error | ||
r-devel-macos-x86_64-clang | 1.1.4 | 80.81 | NOTE | --no-stop-on-test-error | ||
r-devel-windows-ix86+x86_64 | 1.1.4 | 115.00 | 152.00 | 267.00 | OK | |
r-patched-linux-x86_64 | 1.1.4 | 21.12 | 34.09 | 55.21 | OK | |
r-patched-solaris-sparc | 1.1.4 | 596.30 | OK | |||
r-patched-solaris-x86 | 1.1.4 | 119.80 | OK | |||
r-release-linux-x86_64 | 1.1.4 | 20.70 | 33.42 | 54.12 | OK | |
r-release-osx-x86_64-mavericks | 1.1.4 | OK | ||||
r-release-windows-ix86+x86_64 | 1.1.4 | 81.00 | 144.00 | 225.00 | OK | |
r-oldrel-windows-ix86+x86_64 | 1.1.4 | 79.00 | 169.00 | 248.00 | OK |
Version: 1.1.4
Check: compiled code
Result: NOTE
File ‘hkevp/libs/hkevp.so’:
Found no calls to: ‘R_registerRoutines’, ‘R_useDynamicSymbols’
It is good practice to register native routines and to disable symbol
search.
See ‘Writing portable packages’ in the ‘Writing R Extensions’ manual.
Flavors: r-devel-linux-x86_64-debian-clang, r-devel-linux-x86_64-debian-gcc
Version: 1.1.4
Flags: --no-stop-on-test-error
Check: compiled code
Result: NOTE
File ‘hkevp/libs/hkevp.so’:
Found no calls to: ‘R_registerRoutines’, ‘R_useDynamicSymbols’
It is good practice to register native routines and to disable symbol
search.
See ‘Writing portable packages’ in the ‘Writing R Extensions’ manual.
Flavors: r-devel-linux-x86_64-fedora-clang, r-devel-linux-x86_64-fedora-gcc, r-devel-macos-x86_64-clang