Last updated on 2017-02-24 23:52:31.
Flavor | Version | Tinstall | Tcheck | Ttotal | Status | Flags |
---|---|---|---|---|---|---|
r-devel-linux-x86_64-debian-clang | 0.5.1 | 12.17 | 144.02 | 156.18 | NOTE | |
r-devel-linux-x86_64-debian-gcc | 0.5.1 | 15.53 | 144.40 | 159.93 | NOTE | |
r-devel-linux-x86_64-fedora-clang | 0.5.1 | 374.23 | NOTE | --no-stop-on-test-error | ||
r-devel-linux-x86_64-fedora-gcc | 0.5.1 | 314.60 | NOTE | --no-stop-on-test-error | ||
r-devel-macos-x86_64-clang | 0.5.1 | 241.82 | NOTE | --no-stop-on-test-error | ||
r-devel-windows-ix86+x86_64 | 0.5.1 | 67.00 | 408.00 | 475.00 | NOTE | |
r-patched-linux-x86_64 | 0.5.1 | 11.38 | 136.68 | 148.07 | OK | |
r-patched-solaris-sparc | 0.5.1 | 1816.40 | NOTE | |||
r-patched-solaris-x86 | 0.5.1 | 388.80 | NOTE | |||
r-release-linux-x86_64 | 0.5.1 | 11.87 | 137.18 | 149.04 | OK | |
r-release-osx-x86_64-mavericks | 0.5.1 | OK | ||||
r-release-windows-ix86+x86_64 | 0.5.1 | 80.00 | 413.00 | 493.00 | NOTE | |
r-oldrel-windows-ix86+x86_64 | 0.4.1 | 72.00 | 411.00 | 483.00 | NOTE |
Version: 0.5.1
Check: compiled code
Result: NOTE
File ‘hsdar/libs/hsdar.so’:
Found no calls to: ‘R_registerRoutines’, ‘R_useDynamicSymbols’
It is good practice to register native routines and to disable symbol
search.
See ‘Writing portable packages’ in the ‘Writing R Extensions’ manual.
Flavors: r-devel-linux-x86_64-debian-clang, r-devel-linux-x86_64-debian-gcc
Version: 0.5.1
Flags: --no-stop-on-test-error
Check: compiled code
Result: NOTE
File ‘hsdar/libs/hsdar.so’:
Found no calls to: ‘R_registerRoutines’, ‘R_useDynamicSymbols’
It is good practice to register native routines and to disable symbol
search.
See ‘Writing portable packages’ in the ‘Writing R Extensions’ manual.
Flavors: r-devel-linux-x86_64-fedora-clang, r-devel-linux-x86_64-fedora-gcc, r-devel-macos-x86_64-clang
Version: 0.5.1
Check: installed package size
Result: NOTE
installed size is 5.4Mb
sub-directories of 1Mb or more:
doc 2.6Mb
libs 1.2Mb
Flavors: r-devel-windows-ix86+x86_64, r-patched-solaris-sparc, r-patched-solaris-x86, r-release-windows-ix86+x86_64
Version: 0.4.1
Check: installed package size
Result: NOTE
installed size is 5.1Mb
sub-directories of 1Mb or more:
doc 2.6Mb
libs 1.1Mb
Flavor: r-oldrel-windows-ix86+x86_64