Last updated on 2017-02-24 23:52:31.
Flavor | Version | Tinstall | Tcheck | Ttotal | Status | Flags |
---|---|---|---|---|---|---|
r-devel-linux-x86_64-debian-clang | 0.3-8 | 2.26 | 40.82 | 43.08 | NOTE | |
r-devel-linux-x86_64-debian-gcc | 0.3-8 | 2.50 | 40.77 | 43.27 | NOTE | |
r-devel-linux-x86_64-fedora-clang | 0.3-8 | 101.45 | NOTE | --no-stop-on-test-error | ||
r-devel-linux-x86_64-fedora-gcc | 0.3-8 | 78.35 | NOTE | --no-stop-on-test-error | ||
r-devel-macos-x86_64-clang | 0.3-8 | 63.91 | NOTE | --no-stop-on-test-error | ||
r-devel-windows-ix86+x86_64 | 0.3-8 | 15.00 | 90.00 | 105.00 | NOTE | |
r-patched-linux-x86_64 | 0.3-8 | 2.32 | 35.79 | 38.11 | NOTE | |
r-patched-solaris-sparc | 0.3-8 | 435.20 | NOTE | |||
r-patched-solaris-x86 | 0.3-8 | 90.00 | NOTE | |||
r-release-linux-x86_64 | 0.3-8 | 2.31 | 35.48 | 37.79 | NOTE | |
r-release-osx-x86_64-mavericks | 0.3-8 | NOTE | ||||
r-release-windows-ix86+x86_64 | 0.3-8 | 9.00 | 64.00 | 73.00 | NOTE | |
r-oldrel-windows-ix86+x86_64 | 0.3-8 | 13.00 | 150.00 | 163.00 | OK |
Version: 0.3-8
Check: S3 generic/method consistency
Result: NOTE
Found the following apparent S3 methods exported but not registered:
KGE.data.frame KGE.default KGE.matrix KGE.zoo NSE.data.frame
NSE.default NSE.matrix NSE.zoo VE.data.frame VE.default VE.matrix
VE.zoo br2.data.frame br2.default br2.matrix br2.zoo cp.data.frame
cp.default cp.matrix cp.zoo d.data.frame d.default d.matrix d.zoo
gof.data.frame gof.default gof.matrix gof.zoo mNSE.data.frame
mNSE.default mNSE.matrix mNSE.zoo mae.data.frame mae.default
mae.matrix mae.zoo md.data.frame md.default md.matrix md.zoo
me.data.frame me.default me.matrix me.zoo mse.data.frame mse.default
mse.matrix mse.zoo nrmse.data.frame nrmse.default nrmse.matrix
nrmse.zoo pbias.data.frame pbias.default pbias.matrix pbias.zoo
pbiasfdc.data.frame pbiasfdc.default pbiasfdc.matrix pbiasfdc.zoo
pfactor.data.frame pfactor.default pfactor.matrix rNSE.data.frame
rNSE.default rNSE.matrix rNSE.zoo rSD.data.frame rSD.default
rSD.matrix rSD.zoo rd.data.frame rd.default rd.matrix rd.zoo
rfactor.data.frame rfactor.default rfactor.matrix rmse.data.frame
rmse.default rmse.matrix rmse.zoo rsr.data.frame rsr.default
rsr.matrix rsr.zoo ssq.data.frame ssq.default ssq.matrix
valindex.default valindex.matrix
See section ‘Registering S3 methods’ in the ‘Writing R Extensions’
manual.
Flavors: r-devel-linux-x86_64-debian-clang, r-devel-linux-x86_64-debian-gcc, r-patched-linux-x86_64, r-patched-solaris-sparc, r-patched-solaris-x86, r-release-linux-x86_64
Version: 0.3-8
Check: R code for possible problems
Result: NOTE
.rPearson.default: no visible global function definition for ‘cor’
KGE.default: no visible global function definition for ‘sd’
br2.default: no visible global function definition for ‘lm’
br2.default: no visible global function definition for ‘coefficients’
ggof: no visible global function definition for ‘time’
ggof: no visible global function definition for ‘par’
ggof: no visible global function definition for ‘layout’
gof.default: no visible global function definition for ‘cor’
nrmse.default: no visible global function definition for ‘sd’
pbiasfdc.default: no visible global function definition for ‘legend’
plot2: no visible global function definition for ‘time’
plot2: no visible global function definition for ‘par’
plot2: no visible global function definition for ‘layout’
plot2: no visible global function definition for ‘plot’
plot2: no visible global function definition for ‘axis’
plot2: no visible global function definition for ‘lines’
plot2: no visible global function definition for ‘abline’
plot2: no visible global function definition for ‘Axis’
plot2: no visible global function definition for ‘box’
plot2: no visible global function definition for ‘barplot’
plot2: no visible global function definition for ‘window’
plot2: no visible global function definition for ‘plot.new’
plotbands: no visible global function definition for ‘time’
plotbands: no visible global function definition for ‘axis’
plotbands: no visible global function definition for ‘plot’
plotbands: no visible global function definition for ‘lines’
plotbands: no visible global function definition for ‘points’
plotbands: no visible global function definition for ‘abline’
plotbandsonly: no visible global function definition for ‘time’
plotbandsonly: no visible global function definition for ‘xy.coords’
plotbandsonly: no visible global function definition for ‘polygon’
rSD.default: no visible global function definition for ‘sd’
rfactor.default: no visible global function definition for ‘sd’
rsr.default: no visible global function definition for ‘sd’
Undefined global functions or variables:
Axis abline axis barplot box coefficients cor layout legend lines lm
par plot plot.new points polygon sd time window xy.coords
Consider adding
importFrom("grDevices", "xy.coords")
importFrom("graphics", "Axis", "abline", "axis", "barplot", "box",
"layout", "legend", "lines", "par", "plot", "plot.new",
"points", "polygon")
importFrom("stats", "coefficients", "cor", "lm", "sd", "time",
"window")
to your NAMESPACE file.
Flavors: r-devel-linux-x86_64-debian-clang, r-devel-linux-x86_64-debian-gcc, r-devel-windows-ix86+x86_64, r-patched-linux-x86_64, r-patched-solaris-sparc, r-patched-solaris-x86, r-release-linux-x86_64, r-release-osx-x86_64-mavericks, r-release-windows-ix86+x86_64
Version: 0.3-8
Flags: --no-stop-on-test-error
Check: S3 generic/method consistency
Result: NOTE
Found the following apparent S3 methods exported but not registered:
KGE.data.frame KGE.default KGE.matrix KGE.zoo NSE.data.frame
NSE.default NSE.matrix NSE.zoo VE.data.frame VE.default VE.matrix
VE.zoo br2.data.frame br2.default br2.matrix br2.zoo cp.data.frame
cp.default cp.matrix cp.zoo d.data.frame d.default d.matrix d.zoo
gof.data.frame gof.default gof.matrix gof.zoo mNSE.data.frame
mNSE.default mNSE.matrix mNSE.zoo mae.data.frame mae.default
mae.matrix mae.zoo md.data.frame md.default md.matrix md.zoo
me.data.frame me.default me.matrix me.zoo mse.data.frame mse.default
mse.matrix mse.zoo nrmse.data.frame nrmse.default nrmse.matrix
nrmse.zoo pbias.data.frame pbias.default pbias.matrix pbias.zoo
pbiasfdc.data.frame pbiasfdc.default pbiasfdc.matrix pbiasfdc.zoo
pfactor.data.frame pfactor.default pfactor.matrix rNSE.data.frame
rNSE.default rNSE.matrix rNSE.zoo rSD.data.frame rSD.default
rSD.matrix rSD.zoo rd.data.frame rd.default rd.matrix rd.zoo
rfactor.data.frame rfactor.default rfactor.matrix rmse.data.frame
rmse.default rmse.matrix rmse.zoo rsr.data.frame rsr.default
rsr.matrix rsr.zoo ssq.data.frame ssq.default ssq.matrix
valindex.default valindex.matrix
See section ‘Registering S3 methods’ in the ‘Writing R Extensions’
manual.
Flavors: r-devel-linux-x86_64-fedora-clang, r-devel-linux-x86_64-fedora-gcc, r-devel-macos-x86_64-clang
Version: 0.3-8
Flags: --no-stop-on-test-error
Check: R code for possible problems
Result: NOTE
.rPearson.default: no visible global function definition for ‘cor’
KGE.default: no visible global function definition for ‘sd’
br2.default: no visible global function definition for ‘lm’
br2.default: no visible global function definition for ‘coefficients’
ggof: no visible global function definition for ‘time’
ggof: no visible global function definition for ‘par’
ggof: no visible global function definition for ‘layout’
gof.default: no visible global function definition for ‘cor’
nrmse.default: no visible global function definition for ‘sd’
pbiasfdc.default: no visible global function definition for ‘legend’
plot2: no visible global function definition for ‘time’
plot2: no visible global function definition for ‘par’
plot2: no visible global function definition for ‘layout’
plot2: no visible global function definition for ‘plot’
plot2: no visible global function definition for ‘axis’
plot2: no visible global function definition for ‘lines’
plot2: no visible global function definition for ‘abline’
plot2: no visible global function definition for ‘Axis’
plot2: no visible global function definition for ‘box’
plot2: no visible global function definition for ‘barplot’
plot2: no visible global function definition for ‘window’
plot2: no visible global function definition for ‘plot.new’
plotbands: no visible global function definition for ‘time’
plotbands: no visible global function definition for ‘axis’
plotbands: no visible global function definition for ‘plot’
plotbands: no visible global function definition for ‘lines’
plotbands: no visible global function definition for ‘points’
plotbands: no visible global function definition for ‘abline’
plotbandsonly: no visible global function definition for ‘time’
plotbandsonly: no visible global function definition for ‘xy.coords’
plotbandsonly: no visible global function definition for ‘polygon’
rSD.default: no visible global function definition for ‘sd’
rfactor.default: no visible global function definition for ‘sd’
rsr.default: no visible global function definition for ‘sd’
Undefined global functions or variables:
Axis abline axis barplot box coefficients cor layout legend lines lm
par plot plot.new points polygon sd time window xy.coords
Consider adding
importFrom("grDevices", "xy.coords")
importFrom("graphics", "Axis", "abline", "axis", "barplot", "box",
"layout", "legend", "lines", "par", "plot", "plot.new",
"points", "polygon")
importFrom("stats", "coefficients", "cor", "lm", "sd", "time",
"window")
to your NAMESPACE file.
Flavors: r-devel-linux-x86_64-fedora-clang, r-devel-linux-x86_64-fedora-gcc, r-devel-macos-x86_64-clang