Last updated on 2017-02-24 23:52:31.
Flavor | Version | Tinstall | Tcheck | Ttotal | Status | Flags |
---|---|---|---|---|---|---|
r-devel-linux-x86_64-debian-clang | 0.98-20161118 | 3.42 | 128.71 | 132.13 | NOTE | |
r-devel-linux-x86_64-debian-gcc | 0.98-20161118 | 3.40 | 127.36 | 130.76 | NOTE | |
r-devel-linux-x86_64-fedora-clang | 0.98-20161118 | 280.05 | NOTE | --no-stop-on-test-error | ||
r-devel-linux-x86_64-fedora-gcc | 0.98-20161118 | 239.70 | NOTE | --no-stop-on-test-error | ||
r-devel-macos-x86_64-clang | 0.98-20161118 | 191.70 | NOTE | --no-stop-on-test-error | ||
r-devel-windows-ix86+x86_64 | 0.98-20161118 | 28.00 | 339.00 | 367.00 | NOTE | |
r-patched-linux-x86_64 | 0.98-20161118 | 3.51 | 110.83 | 114.34 | NOTE | |
r-patched-solaris-sparc | 0.98-20161118 | 1265.30 | NOTE | |||
r-patched-solaris-x86 | 0.98-20161118 | 240.90 | NOTE | |||
r-release-linux-x86_64 | 0.98-20161118 | 3.32 | 110.38 | 113.69 | NOTE | |
r-release-osx-x86_64-mavericks | 0.98-20161118 | NOTE | ||||
r-release-windows-ix86+x86_64 | 0.98-20161118 | 15.00 | 246.00 | 261.00 | NOTE | |
r-oldrel-windows-ix86+x86_64 | 0.98-20161118 | 18.00 | 402.00 | 420.00 | NOTE |
Version: 0.98-20161118
Check: R code for possible problems
Result: NOTE
Warning: local assignments to syntactic functions: ~
Warning: local assignments to syntactic functions: ~
Flavors: r-devel-linux-x86_64-debian-clang, r-devel-linux-x86_64-debian-gcc, r-patched-linux-x86_64, r-patched-solaris-sparc, r-patched-solaris-x86, r-release-linux-x86_64
Version: 0.98-20161118
Flags: --no-stop-on-test-error
Check: R code for possible problems
Result: NOTE
Warning: local assignments to syntactic functions: ~
Warning: local assignments to syntactic functions: ~
Flavors: r-devel-linux-x86_64-fedora-clang, r-devel-linux-x86_64-fedora-gcc, r-devel-macos-x86_64-clang
Version: 0.98-20161118
Check: R code for possible problems
Result: NOTE
Warning: local assignments to syntactic functions: ~
Flavors: r-devel-windows-ix86+x86_64, r-release-osx-x86_64-mavericks, r-release-windows-ix86+x86_64, r-oldrel-windows-ix86+x86_64
Version: 0.98-20161118
Check: installed package size
Result: NOTE
installed size is 5.0Mb
sub-directories of 1Mb or more:
doc 4.0Mb
Flavors: r-patched-solaris-sparc, r-patched-solaris-x86