CRAN Package Check Results for Package hysteresis

Last updated on 2017-02-24 23:52:31.

Flavor Version Tinstall Tcheck Ttotal Status Flags
r-devel-linux-x86_64-debian-clang 2.5 3.93 87.03 90.95 NOTE
r-devel-linux-x86_64-debian-gcc 2.5 3.82 86.10 89.91 NOTE
r-devel-linux-x86_64-fedora-clang 2.5 226.48 NOTE --no-stop-on-test-error
r-devel-linux-x86_64-fedora-gcc 2.5 180.97 NOTE --no-stop-on-test-error
r-devel-macos-x86_64-clang 2.5 143.20 NOTE --no-stop-on-test-error
r-devel-windows-ix86+x86_64 2.5 17.00 176.00 193.00 NOTE
r-patched-linux-x86_64 2.5 3.80 82.65 86.45 NOTE
r-patched-solaris-sparc 2.5 1043.00 NOTE
r-patched-solaris-x86 2.5 209.10 NOTE
r-release-linux-x86_64 2.5 3.76 80.51 84.27 NOTE
r-release-osx-x86_64-mavericks 2.5 NOTE
r-release-windows-ix86+x86_64 2.5 16.00 181.00 197.00 NOTE
r-oldrel-windows-ix86+x86_64 2.5 18.00 255.00 273.00 NOTE

Check Details

Version: 2.5
Check: R code for possible problems
Result: NOTE
    fel: no visible global function definition for ‘xy.coords’
    floop: no visible global function definition for ‘xy.coords’
    floop2r: no visible global function definition for ‘xy.coords’
    plot.ellipsefit: no visible global function definition for ‘plot’
    plot.ellipsefit: no visible global function definition for ‘title’
    plot.ellipsefit: no visible global function definition for ‘mtext’
    plot.ellipsefit: no visible global function definition for ‘points’
    plot.ellipsefit: no visible global function definition for ‘segments’
    plot.ellipsefit: no visible global function definition for ‘arrows’
    plot.ellipsefit: no visible global function definition for ‘text’
    plot.ellipsefit: no visible global function definition for ‘lines’
    plot.ellipsefitlist: no visible global function definition for ‘mtext’
    plot.ellipsesummary: no visible global function definition for ‘plot’
    plot.ellipsesummary: no visible global function definition for ‘title’
    plot.ellipsesummary: no visible global function definition for ‘mtext’
    plot.ellipsesummary: no visible global function definition for ‘points’
    plot.ellipsesummary: no visible global function definition for ‘text’
    plot.ellipsesummary: no visible global function definition for ‘lines’
    plot.ellipsesummarylist: no visible global function definition for
     ‘mtext’
    plot.fittedloop: no visible global function definition for ‘plot’
    plot.fittedloop: no visible global function definition for ‘title’
    plot.fittedloop: no visible global function definition for ‘mtext’
    plot.fittedloop: no visible global function definition for ‘segments’
    plot.fittedloop: no visible global function definition for ‘points’
    plot.fittedloop: no visible global function definition for ‘lines’
    plot.fittedloop: no visible global function definition for ‘text’
    plot.fittedlooplist: no visible global function definition for ‘mtext’
    plot.fittedlooplist2r: no visible global function definition for
     ‘mtext’
    plot.loop2r: no visible global function definition for ‘plot’
    plot.loop2r: no visible global function definition for ‘title’
    plot.loop2r: no visible global function definition for ‘mtext’
    plot.loop2r: no visible global function definition for ‘points’
    plot.loop2r: no visible global function definition for ‘lines’
    plot.loop2r: no visible global function definition for ‘text’
    plot.loop2rsummary: no visible global function definition for ‘plot’
    plot.loop2rsummary: no visible global function definition for ‘title’
    plot.loop2rsummary: no visible global function definition for ‘mtext’
    plot.loop2rsummary: no visible global function definition for ‘points’
    plot.loop2rsummary: no visible global function definition for ‘lines’
    plot.loop2rsummary: no visible global function definition for ‘text’
    plot.loopsummary: no visible global function definition for ‘plot’
    plot.loopsummary: no visible global function definition for ‘title’
    plot.loopsummary: no visible global function definition for ‘mtext’
    plot.loopsummary: no visible global function definition for ‘points’
    plot.loopsummary: no visible global function definition for ‘lines’
    plot.loopsummary: no visible global function definition for ‘text’
    plot.loopsummarylist: no visible global function definition for ‘mtext’
    plot.loopsummarylist2r: no visible global function definition for
     ‘mtext’
    Undefined global functions or variables:
     arrows lines mtext plot points segments text title xy.coords
    Consider adding
     importFrom("grDevices", "xy.coords")
     importFrom("graphics", "arrows", "lines", "mtext", "plot", "points",
     "segments", "text", "title")
    to your NAMESPACE file.
Flavors: r-devel-linux-x86_64-debian-clang, r-devel-linux-x86_64-debian-gcc, r-devel-windows-ix86+x86_64, r-patched-linux-x86_64, r-patched-solaris-sparc, r-patched-solaris-x86, r-release-linux-x86_64, r-release-osx-x86_64-mavericks, r-release-windows-ix86+x86_64

Version: 2.5
Check: Rd line widths
Result: NOTE
    Rd file 'mloop.Rd':
     \usage lines wider than 90 characters:
     mloop2r(cx=0,cy=0,retention.above=0.2,retention.below=0.15,b.x=0.6,b.y=0.8,n=1,m=1,sd.x=0,sd.y=0,phase.angle=0,n.points=24,period=24,ex ... [TRUNCATED]
    
    Rd file 'residuals.fittedloop.Rd':
     \usage lines wider than 90 characters:
     ##'loopsummarylist', 'loop2r', 'fittedlooplist2r', 'loopsummarylist2r' and 'loop2rsummary'.
    
    These lines will be truncated in the PDF manual.
Flavors: r-devel-linux-x86_64-debian-clang, r-devel-linux-x86_64-debian-gcc, r-patched-linux-x86_64, r-release-linux-x86_64

Version: 2.5
Check: files in ‘vignettes’
Result: NOTE
    The following directory looks like a leftover from 'knitr':
     ‘figure’
    Please remove from your package.
Flavors: r-devel-linux-x86_64-debian-clang, r-devel-linux-x86_64-debian-gcc, r-devel-windows-ix86+x86_64, r-patched-linux-x86_64, r-patched-solaris-sparc, r-patched-solaris-x86, r-release-linux-x86_64, r-release-osx-x86_64-mavericks, r-release-windows-ix86+x86_64, r-oldrel-windows-ix86+x86_64

Version: 2.5
Flags: --no-stop-on-test-error
Check: R code for possible problems
Result: NOTE
    fel: no visible global function definition for ‘xy.coords’
    floop: no visible global function definition for ‘xy.coords’
    floop2r: no visible global function definition for ‘xy.coords’
    plot.ellipsefit: no visible global function definition for ‘plot’
    plot.ellipsefit: no visible global function definition for ‘title’
    plot.ellipsefit: no visible global function definition for ‘mtext’
    plot.ellipsefit: no visible global function definition for ‘points’
    plot.ellipsefit: no visible global function definition for ‘segments’
    plot.ellipsefit: no visible global function definition for ‘arrows’
    plot.ellipsefit: no visible global function definition for ‘text’
    plot.ellipsefit: no visible global function definition for ‘lines’
    plot.ellipsefitlist: no visible global function definition for ‘mtext’
    plot.ellipsesummary: no visible global function definition for ‘plot’
    plot.ellipsesummary: no visible global function definition for ‘title’
    plot.ellipsesummary: no visible global function definition for ‘mtext’
    plot.ellipsesummary: no visible global function definition for ‘points’
    plot.ellipsesummary: no visible global function definition for ‘text’
    plot.ellipsesummary: no visible global function definition for ‘lines’
    plot.ellipsesummarylist: no visible global function definition for
     ‘mtext’
    plot.fittedloop: no visible global function definition for ‘plot’
    plot.fittedloop: no visible global function definition for ‘title’
    plot.fittedloop: no visible global function definition for ‘mtext’
    plot.fittedloop: no visible global function definition for ‘segments’
    plot.fittedloop: no visible global function definition for ‘points’
    plot.fittedloop: no visible global function definition for ‘lines’
    plot.fittedloop: no visible global function definition for ‘text’
    plot.fittedlooplist: no visible global function definition for ‘mtext’
    plot.fittedlooplist2r: no visible global function definition for
     ‘mtext’
    plot.loop2r: no visible global function definition for ‘plot’
    plot.loop2r: no visible global function definition for ‘title’
    plot.loop2r: no visible global function definition for ‘mtext’
    plot.loop2r: no visible global function definition for ‘points’
    plot.loop2r: no visible global function definition for ‘lines’
    plot.loop2r: no visible global function definition for ‘text’
    plot.loop2rsummary: no visible global function definition for ‘plot’
    plot.loop2rsummary: no visible global function definition for ‘title’
    plot.loop2rsummary: no visible global function definition for ‘mtext’
    plot.loop2rsummary: no visible global function definition for ‘points’
    plot.loop2rsummary: no visible global function definition for ‘lines’
    plot.loop2rsummary: no visible global function definition for ‘text’
    plot.loopsummary: no visible global function definition for ‘plot’
    plot.loopsummary: no visible global function definition for ‘title’
    plot.loopsummary: no visible global function definition for ‘mtext’
    plot.loopsummary: no visible global function definition for ‘points’
    plot.loopsummary: no visible global function definition for ‘lines’
    plot.loopsummary: no visible global function definition for ‘text’
    plot.loopsummarylist: no visible global function definition for ‘mtext’
    plot.loopsummarylist2r: no visible global function definition for
     ‘mtext’
    Undefined global functions or variables:
     arrows lines mtext plot points segments text title xy.coords
    Consider adding
     importFrom("grDevices", "xy.coords")
     importFrom("graphics", "arrows", "lines", "mtext", "plot", "points",
     "segments", "text", "title")
    to your NAMESPACE file.
Flavors: r-devel-linux-x86_64-fedora-clang, r-devel-linux-x86_64-fedora-gcc, r-devel-macos-x86_64-clang

Version: 2.5
Flags: --no-stop-on-test-error
Check: Rd line widths
Result: NOTE
    Rd file 'mloop.Rd':
     \usage lines wider than 90 characters:
     mloop2r(cx=0,cy=0,retention.above=0.2,retention.below=0.15,b.x=0.6,b.y=0.8,n=1,m=1,sd.x=0,sd.y=0,phase.angle=0,n.points=24,period=24,ex ... [TRUNCATED]
    
    Rd file 'residuals.fittedloop.Rd':
     \usage lines wider than 90 characters:
     ##'loopsummarylist', 'loop2r', 'fittedlooplist2r', 'loopsummarylist2r' and 'loop2rsummary'.
    
    These lines will be truncated in the PDF manual.
Flavors: r-devel-linux-x86_64-fedora-clang, r-devel-linux-x86_64-fedora-gcc

Version: 2.5
Flags: --no-stop-on-test-error
Check: files in ‘vignettes’
Result: NOTE
    The following directory looks like a leftover from 'knitr':
     ‘figure’
    Please remove from your package.
Flavors: r-devel-linux-x86_64-fedora-clang, r-devel-linux-x86_64-fedora-gcc, r-devel-macos-x86_64-clang