Last updated on 2017-02-24 23:52:32.
Flavor | Version | Tinstall | Tcheck | Ttotal | Status | Flags |
---|---|---|---|---|---|---|
r-devel-linux-x86_64-debian-clang | 1.1.2 | 1.15 | 11.51 | 12.65 | NOTE | |
r-devel-linux-x86_64-debian-gcc | 1.1.2 | 1.06 | 11.10 | 12.15 | NOTE | |
r-devel-linux-x86_64-fedora-clang | 1.1.2 | 20.01 | NOTE | --no-stop-on-test-error | ||
r-devel-linux-x86_64-fedora-gcc | 1.1.2 | 18.55 | NOTE | --no-stop-on-test-error | ||
r-devel-macos-x86_64-clang | 1.1.2 | 18.65 | NOTE | --no-stop-on-test-error | ||
r-devel-windows-ix86+x86_64 | 1.1.2 | 5.00 | 36.00 | 41.00 | NOTE | |
r-patched-linux-x86_64 | 1.1.2 | 0.91 | 9.31 | 10.22 | NOTE | |
r-patched-solaris-sparc | 1.1.2 | 99.10 | NOTE | |||
r-patched-solaris-x86 | 1.1.2 | 24.60 | NOTE | |||
r-release-linux-x86_64 | 1.1.2 | 0.91 | 9.10 | 10.01 | NOTE | |
r-release-osx-x86_64-mavericks | 1.1.2 | NOTE | ||||
r-release-windows-ix86+x86_64 | 1.1.2 | 5.00 | 26.00 | 31.00 | NOTE | |
r-oldrel-windows-ix86+x86_64 | 1.1.2 | 5.00 | 25.00 | 30.00 | NOTE |
Version: 1.1.2
Check: DESCRIPTION meta-information
Result: NOTE
Malformed Description field: should contain one or more complete sentences.
Flavors: r-devel-linux-x86_64-debian-clang, r-devel-linux-x86_64-debian-gcc, r-devel-windows-ix86+x86_64, r-patched-linux-x86_64, r-patched-solaris-sparc, r-patched-solaris-x86, r-release-linux-x86_64, r-release-osx-x86_64-mavericks, r-release-windows-ix86+x86_64, r-oldrel-windows-ix86+x86_64
Version: 1.1.2
Check: R code for possible problems
Result: NOTE
impute.mdr: no visible global function definition for ‘combn’
Undefined global functions or variables:
combn
Consider adding
importFrom("utils", "combn")
to your NAMESPACE file.
Flavors: r-devel-linux-x86_64-debian-clang, r-devel-linux-x86_64-debian-gcc, r-devel-windows-ix86+x86_64, r-patched-linux-x86_64, r-patched-solaris-sparc, r-patched-solaris-x86, r-release-linux-x86_64, r-release-osx-x86_64-mavericks, r-release-windows-ix86+x86_64
Version: 1.1.2
Check: Rd line widths
Result: NOTE
Rd file 'impute.mdr.Rd':
\usage lines wider than 90 characters:
impute.mdr(dataset, colresp, cs, combi, cv.fold = 10, na.method = 0, max_iter = 30, randomize = FALSE)
These lines will be truncated in the PDF manual.
Flavors: r-devel-linux-x86_64-debian-clang, r-devel-linux-x86_64-debian-gcc, r-patched-linux-x86_64, r-release-linux-x86_64
Version: 1.1.2
Check: compiled code
Result: NOTE
File ‘imputeMDR/libs/imputeMDR.so’:
Found no calls to: ‘R_registerRoutines’, ‘R_useDynamicSymbols’
It is good practice to register native routines and to disable symbol
search.
See ‘Writing portable packages’ in the ‘Writing R Extensions’ manual.
Flavors: r-devel-linux-x86_64-debian-clang, r-devel-linux-x86_64-debian-gcc
Version: 1.1.2
Flags: --no-stop-on-test-error
Check: DESCRIPTION meta-information
Result: NOTE
Malformed Description field: should contain one or more complete sentences.
Flavors: r-devel-linux-x86_64-fedora-clang, r-devel-linux-x86_64-fedora-gcc, r-devel-macos-x86_64-clang
Version: 1.1.2
Flags: --no-stop-on-test-error
Check: R code for possible problems
Result: NOTE
impute.mdr: no visible global function definition for ‘combn’
Undefined global functions or variables:
combn
Consider adding
importFrom("utils", "combn")
to your NAMESPACE file.
Flavors: r-devel-linux-x86_64-fedora-clang, r-devel-linux-x86_64-fedora-gcc, r-devel-macos-x86_64-clang
Version: 1.1.2
Flags: --no-stop-on-test-error
Check: Rd line widths
Result: NOTE
Rd file 'impute.mdr.Rd':
\usage lines wider than 90 characters:
impute.mdr(dataset, colresp, cs, combi, cv.fold = 10, na.method = 0, max_iter = 30, randomize = FALSE)
These lines will be truncated in the PDF manual.
Flavors: r-devel-linux-x86_64-fedora-clang, r-devel-linux-x86_64-fedora-gcc
Version: 1.1.2
Flags: --no-stop-on-test-error
Check: compiled code
Result: NOTE
File ‘imputeMDR/libs/imputeMDR.so’:
Found no calls to: ‘R_registerRoutines’, ‘R_useDynamicSymbols’
It is good practice to register native routines and to disable symbol
search.
See ‘Writing portable packages’ in the ‘Writing R Extensions’ manual.
Flavors: r-devel-linux-x86_64-fedora-clang, r-devel-linux-x86_64-fedora-gcc, r-devel-macos-x86_64-clang