Last updated on 2017-02-24 23:52:33.
Flavor | Version | Tinstall | Tcheck | Ttotal | Status | Flags |
---|---|---|---|---|---|---|
r-devel-linux-x86_64-debian-clang | 0.1-8 | 1.28 | 11.03 | 12.31 | NOTE | |
r-devel-linux-x86_64-debian-gcc | 0.1-8 | 1.35 | 10.91 | 12.26 | NOTE | |
r-devel-linux-x86_64-fedora-clang | 0.1-8 | 20.93 | NOTE | --no-stop-on-test-error | ||
r-devel-linux-x86_64-fedora-gcc | 0.1-8 | 18.83 | NOTE | --no-stop-on-test-error | ||
r-devel-macos-x86_64-clang | 0.1-8 | 19.27 | NOTE | --no-stop-on-test-error | ||
r-devel-windows-ix86+x86_64 | 0.1-8 | 8.00 | 40.00 | 48.00 | OK | |
r-patched-linux-x86_64 | 0.1-8 | 1.24 | 9.08 | 10.33 | OK | |
r-patched-solaris-sparc | 0.1-8 | 98.30 | OK | |||
r-patched-solaris-x86 | 0.1-8 | 26.30 | OK | |||
r-release-linux-x86_64 | 0.1-8 | 1.21 | 8.91 | 10.11 | OK | |
r-release-osx-x86_64-mavericks | 0.1-8 | OK | ||||
r-release-windows-ix86+x86_64 | 0.1-8 | 17.00 | 26.00 | 43.00 | OK | |
r-oldrel-windows-ix86+x86_64 | 0.1-8 | 22.00 | 28.00 | 50.00 | OK |
Version: 0.1-8
Check: compiled code
Result: NOTE
File ‘jpeg/libs/jpeg.so’:
Found no calls to: ‘R_registerRoutines’, ‘R_useDynamicSymbols’
It is good practice to register native routines and to disable symbol
search.
See ‘Writing portable packages’ in the ‘Writing R Extensions’ manual.
Flavors: r-devel-linux-x86_64-debian-clang, r-devel-linux-x86_64-debian-gcc
Version: 0.1-8
Flags: --no-stop-on-test-error
Check: compiled code
Result: NOTE
File ‘jpeg/libs/jpeg.so’:
Found no calls to: ‘R_registerRoutines’, ‘R_useDynamicSymbols’
It is good practice to register native routines and to disable symbol
search.
See ‘Writing portable packages’ in the ‘Writing R Extensions’ manual.
Flavors: r-devel-linux-x86_64-fedora-clang, r-devel-linux-x86_64-fedora-gcc, r-devel-macos-x86_64-clang