CRAN Package Check Results for Package jtrans

Last updated on 2017-02-24 23:52:33.

Flavor Version Tinstall Tcheck Ttotal Status Flags
r-devel-linux-x86_64-debian-clang 0.2.1 0.64 11.08 11.73 NOTE
r-devel-linux-x86_64-debian-gcc 0.2.1 0.62 11.13 11.75 NOTE
r-devel-linux-x86_64-fedora-clang 0.2.1 20.91 NOTE --no-stop-on-test-error
r-devel-linux-x86_64-fedora-gcc 0.2.1 18.29 NOTE --no-stop-on-test-error
r-devel-macos-x86_64-clang 0.2.1 17.99 NOTE --no-stop-on-test-error
r-devel-windows-ix86+x86_64 0.2.1 6.00 38.00 44.00 NOTE
r-patched-linux-x86_64 0.2.1 0.55 9.29 9.85 NOTE
r-patched-solaris-sparc 0.2.1 107.00 NOTE
r-patched-solaris-x86 0.2.1 24.60 NOTE
r-release-linux-x86_64 0.2.1 0.61 9.35 9.95 NOTE
r-release-osx-x86_64-mavericks 0.2.1 NOTE
r-release-windows-ix86+x86_64 0.2.1 3.00 31.00 34.00 NOTE
r-oldrel-windows-ix86+x86_64 0.2.1 5.00 53.00 58.00 OK

Check Details

Version: 0.2.1
Check: R code for possible problems
Result: NOTE
    qtls: no visible global function definition for ‘quantile’
    qtls: no visible global function definition for ‘pnorm’
    Undefined global functions or variables:
     pnorm quantile
    Consider adding
     importFrom("stats", "pnorm", "quantile")
    to your NAMESPACE file.
Flavors: r-devel-linux-x86_64-debian-clang, r-devel-linux-x86_64-debian-gcc, r-devel-windows-ix86+x86_64, r-patched-linux-x86_64, r-patched-solaris-sparc, r-patched-solaris-x86, r-release-linux-x86_64, r-release-osx-x86_64-mavericks, r-release-windows-ix86+x86_64

Version: 0.2.1
Flags: --no-stop-on-test-error
Check: R code for possible problems
Result: NOTE
    qtls: no visible global function definition for ‘quantile’
    qtls: no visible global function definition for ‘pnorm’
    Undefined global functions or variables:
     pnorm quantile
    Consider adding
     importFrom("stats", "pnorm", "quantile")
    to your NAMESPACE file.
Flavors: r-devel-linux-x86_64-fedora-clang, r-devel-linux-x86_64-fedora-gcc, r-devel-macos-x86_64-clang