CRAN Package Check Results for Package jwutil

Last updated on 2017-02-24 23:52:33.

Flavor Version Tinstall Tcheck Ttotal Status Flags
r-devel-linux-x86_64-debian-clang 1.1.1 10.62 21.11 31.74 NOTE
r-devel-linux-x86_64-debian-gcc 1.1.1 10.01 21.01 31.02 NOTE
r-devel-linux-x86_64-fedora-clang 1.1.1 60.63 NOTE --no-stop-on-test-error
r-devel-linux-x86_64-fedora-gcc 1.1.1 53.03 NOTE --no-stop-on-test-error
r-devel-macos-x86_64-clang 1.1.1 43.58 NOTE --no-stop-on-test-error
r-devel-windows-ix86+x86_64 1.1.1 73.00 85.00 158.00 OK
r-patched-linux-x86_64 1.1.1 8.53 19.21 27.74 OK
r-patched-solaris-sparc 1.1.1 284.70 OK
r-patched-solaris-x86 1.1.1 61.00 OK
r-release-linux-x86_64 1.1.1 8.51 18.19 26.69 OK
r-release-osx-x86_64-mavericks 1.1.1 OK
r-release-windows-ix86+x86_64 1.1.1 54.00 70.00 124.00 OK
r-oldrel-windows-ix86+x86_64 1.1.1 71.00 100.00 171.00 OK

Check Details

Version: 1.1.1
Check: compiled code
Result: NOTE
    File ‘jwutil/libs/jwutil.so’:
     Found no calls to: ‘R_registerRoutines’, ‘R_useDynamicSymbols’
    
    It is good practice to register native routines and to disable symbol
    search.
    
    See ‘Writing portable packages’ in the ‘Writing R Extensions’ manual.
Flavors: r-devel-linux-x86_64-debian-clang, r-devel-linux-x86_64-debian-gcc

Version: 1.1.1
Flags: --no-stop-on-test-error
Check: compiled code
Result: NOTE
    File ‘jwutil/libs/jwutil.so’:
     Found no calls to: ‘R_registerRoutines’, ‘R_useDynamicSymbols’
    
    It is good practice to register native routines and to disable symbol
    search.
    
    See ‘Writing portable packages’ in the ‘Writing R Extensions’ manual.
Flavors: r-devel-linux-x86_64-fedora-clang, r-devel-linux-x86_64-fedora-gcc, r-devel-macos-x86_64-clang