CRAN Package Check Results for Package kitagawa

Last updated on 2017-02-24 23:52:33.

Flavor Version Tinstall Tcheck Ttotal Status Flags
r-devel-linux-x86_64-debian-clang 2.1-0 0.71 18.98 19.69 NOTE
r-devel-linux-x86_64-debian-gcc 2.1-0 0.71 18.91 19.62 NOTE
r-devel-linux-x86_64-fedora-clang 2.1-0 36.80 NOTE --no-stop-on-test-error
r-devel-linux-x86_64-fedora-gcc 2.1-0 34.58 NOTE --no-stop-on-test-error
r-devel-macos-x86_64-clang 2.1-0 32.21 NOTE --no-stop-on-test-error
r-devel-windows-ix86+x86_64 2.1-0 7.00 127.00 134.00 NOTE
r-patched-linux-x86_64 2.1-0 0.70 15.29 16.00 NOTE
r-patched-solaris-sparc 2.1-0 179.60 NOTE
r-patched-solaris-x86 2.1-0 38.50 NOTE
r-release-linux-x86_64 2.1-0 0.68 14.93 15.61 NOTE
r-release-osx-x86_64-mavericks 2.1-0 NOTE
r-release-windows-ix86+x86_64 2.1-0 5.00 119.00 124.00 NOTE
r-oldrel-windows-ix86+x86_64 2.1-0 5.00 242.00 247.00 OK

Check Details

Version: 2.1-0
Check: R code for possible problems
Result: NOTE
    constants: no visible global function definition for ‘str’
    kitplot.wrsp: no visible global function definition for ‘par’
    kitplot.wrsp: no visible global function definition for ‘layout’
    kitplot.wrsp: no visible global function definition for ‘plot’
    kitplot.wrsp: no visible global function definition for ‘lines’
    kitplot.wrsp: no visible global function definition for ‘mtext’
    kitplot.wrsp: no visible global function definition for ‘abline’
    kitplot.wrsp: no visible global function definition for ‘axis’
    logticks: no visible global function definition for ‘par’
    logticks: no visible global function definition for ‘axis’
    plot.owrsp: no visible global function definition for ‘par’
    plot.owrsp: no visible global function definition for ‘layout’
    plot.owrsp: no visible global function definition for ‘plot’
    plot.owrsp: no visible global function definition for ‘lines’
    plot.owrsp: no visible global function definition for ‘mtext’
    plot.owrsp: no visible global function definition for ‘abline’
    plot.owrsp: no visible global function definition for ‘axis’
    plot.wrsp: no visible global function definition for ‘par’
    plot.wrsp: no visible global function definition for ‘layout’
    plot.wrsp: no visible global function definition for ‘plot’
    plot.wrsp: no visible global function definition for ‘lines’
    plot.wrsp: no visible global function definition for ‘mtext’
    plot.wrsp: no visible global function definition for ‘abline’
    plot.wrsp: no visible global function definition for ‘axis’
    print.owrsp: no visible global function definition for ‘head’
    print.owrsp: no visible global function definition for ‘tail’
    print.wrsp: no visible global function definition for ‘head’
    print.wrsp: no visible global function definition for ‘tail’
    Undefined global functions or variables:
     abline axis head layout lines mtext par plot str tail
    Consider adding
     importFrom("graphics", "abline", "axis", "layout", "lines", "mtext",
     "par", "plot")
     importFrom("utils", "head", "str", "tail")
    to your NAMESPACE file.
Flavors: r-devel-linux-x86_64-debian-clang, r-devel-linux-x86_64-debian-gcc, r-devel-windows-ix86+x86_64, r-patched-linux-x86_64, r-patched-solaris-sparc, r-patched-solaris-x86, r-release-linux-x86_64, r-release-osx-x86_64-mavericks, r-release-windows-ix86+x86_64

Version: 2.1-0
Flags: --no-stop-on-test-error
Check: R code for possible problems
Result: NOTE
    constants: no visible global function definition for ‘str’
    kitplot.wrsp: no visible global function definition for ‘par’
    kitplot.wrsp: no visible global function definition for ‘layout’
    kitplot.wrsp: no visible global function definition for ‘plot’
    kitplot.wrsp: no visible global function definition for ‘lines’
    kitplot.wrsp: no visible global function definition for ‘mtext’
    kitplot.wrsp: no visible global function definition for ‘abline’
    kitplot.wrsp: no visible global function definition for ‘axis’
    logticks: no visible global function definition for ‘par’
    logticks: no visible global function definition for ‘axis’
    plot.owrsp: no visible global function definition for ‘par’
    plot.owrsp: no visible global function definition for ‘layout’
    plot.owrsp: no visible global function definition for ‘plot’
    plot.owrsp: no visible global function definition for ‘lines’
    plot.owrsp: no visible global function definition for ‘mtext’
    plot.owrsp: no visible global function definition for ‘abline’
    plot.owrsp: no visible global function definition for ‘axis’
    plot.wrsp: no visible global function definition for ‘par’
    plot.wrsp: no visible global function definition for ‘layout’
    plot.wrsp: no visible global function definition for ‘plot’
    plot.wrsp: no visible global function definition for ‘lines’
    plot.wrsp: no visible global function definition for ‘mtext’
    plot.wrsp: no visible global function definition for ‘abline’
    plot.wrsp: no visible global function definition for ‘axis’
    print.owrsp: no visible global function definition for ‘head’
    print.owrsp: no visible global function definition for ‘tail’
    print.wrsp: no visible global function definition for ‘head’
    print.wrsp: no visible global function definition for ‘tail’
    Undefined global functions or variables:
     abline axis head layout lines mtext par plot str tail
    Consider adding
     importFrom("graphics", "abline", "axis", "layout", "lines", "mtext",
     "par", "plot")
     importFrom("utils", "head", "str", "tail")
    to your NAMESPACE file.
Flavors: r-devel-linux-x86_64-fedora-clang, r-devel-linux-x86_64-fedora-gcc, r-devel-macos-x86_64-clang