Last updated on 2017-02-24 23:52:33.
Flavor | Version | Tinstall | Tcheck | Ttotal | Status | Flags |
---|---|---|---|---|---|---|
r-devel-linux-x86_64-debian-clang | 1.0.7 | 1.80 | 33.68 | 35.48 | OK | |
r-devel-linux-x86_64-debian-gcc | 1.0.7 | 1.86 | 42.88 | 44.74 | WARN | |
r-devel-linux-x86_64-fedora-clang | 1.0.7 | 61.51 | WARN | --no-stop-on-test-error | ||
r-devel-linux-x86_64-fedora-gcc | 1.0.7 | 63.85 | OK | --no-stop-on-test-error | ||
r-devel-macos-x86_64-clang | 1.0.7 | 52.48 | OK | --no-stop-on-test-error | ||
r-devel-windows-ix86+x86_64 | 1.0.7 | 14.00 | 97.00 | 111.00 | WARN | |
r-patched-linux-x86_64 | 1.0.7 | 1.68 | 27.15 | 28.83 | OK | |
r-patched-solaris-sparc | 1.0.7 | 299.60 | OK | |||
r-patched-solaris-x86 | 1.0.7 | 71.00 | OK | |||
r-release-linux-x86_64 | 1.0.7 | 1.66 | 34.34 | 35.99 | WARN | |
r-release-osx-x86_64-mavericks | 1.0.7 | OK | ||||
r-release-windows-ix86+x86_64 | 1.0.7 | 8.00 | 75.00 | 83.00 | WARN | |
r-oldrel-windows-ix86+x86_64 | 1.0.7 | 15.00 | 125.00 | 140.00 | NOTE |
Version: 1.0.7
Check: re-building of vignette outputs
Result: WARN
Error in re-building vignettes:
...
Quitting from lines 63-86 (tutorial.Rmd)
Error: processing vignette ‘tutorial.Rmd’ failed with diagnostics:
Timeout was reached
Execution halted
Flavors: r-devel-linux-x86_64-debian-gcc, r-devel-windows-ix86+x86_64, r-release-linux-x86_64, r-release-windows-ix86+x86_64
Version: 1.0.7
Flags: --no-stop-on-test-error
Check: re-building of vignette outputs
Result: WARN
Error in re-building vignettes:
...
Quitting from lines 63-86 (tutorial.Rmd)
Error: processing vignette 'tutorial.Rmd' failed with diagnostics:
Timeout was reached
Execution halted
Flavor: r-devel-linux-x86_64-fedora-clang
Version: 1.0.7
Check: re-building of vignette outputs
Result: NOTE
Error in re-building vignettes:
...
Quitting from lines 63-86 (tutorial.Rmd)
Error: processing vignette 'tutorial.Rmd' failed with diagnostics:
Timeout was reached
Execution halted
Flavor: r-oldrel-windows-ix86+x86_64