Last updated on 2017-02-24 23:52:34.
Flavor | Version | Tinstall | Tcheck | Ttotal | Status | Flags |
---|---|---|---|---|---|---|
r-devel-linux-x86_64-debian-clang | 0.1-2 | 2.19 | 28.11 | 30.30 | OK | |
r-devel-linux-x86_64-debian-gcc | 0.1-2 | 2.30 | 28.20 | 30.50 | OK | |
r-devel-linux-x86_64-fedora-clang | 0.1-2 | 58.63 | NOTE | --no-stop-on-test-error | ||
r-devel-linux-x86_64-fedora-gcc | 0.1-2 | 55.27 | NOTE | --no-stop-on-test-error | ||
r-devel-macos-x86_64-clang | 0.1-2 | 47.74 | NOTE | --no-stop-on-test-error | ||
r-devel-windows-ix86+x86_64 | 0.1-2 | 14.00 | 73.00 | 87.00 | OK | |
r-patched-linux-x86_64 | 0.1-2 | 2.14 | 24.60 | 26.74 | OK | |
r-patched-solaris-sparc | 0.1-2 | 330.30 | NOTE | |||
r-patched-solaris-x86 | 0.1-2 | 79.60 | NOTE | |||
r-release-linux-x86_64 | 0.1-2 | 1.96 | 24.28 | 26.24 | OK | |
r-release-osx-x86_64-mavericks | 0.1-2 | NOTE | ||||
r-release-windows-ix86+x86_64 | 0.1-2 | 11.00 | 79.00 | 90.00 | OK | |
r-oldrel-windows-ix86+x86_64 | 0.1-2 | 12.00 | 135.00 | 147.00 | NOTE |
Version: 0.1-2
Flags: --no-stop-on-test-error
Check: data for non-ASCII characters
Result: NOTE
Note: found 6 marked UTF-8 strings
Flavors: r-devel-linux-x86_64-fedora-clang, r-devel-linux-x86_64-fedora-gcc, r-devel-macos-x86_64-clang
Version: 0.1-2
Check: data for non-ASCII characters
Result: NOTE
Note: found 6 marked UTF-8 strings
Flavors: r-patched-solaris-sparc, r-patched-solaris-x86, r-release-osx-x86_64-mavericks, r-oldrel-windows-ix86+x86_64