Last updated on 2017-02-24 23:52:34.
Flavor | Version | Tinstall | Tcheck | Ttotal | Status | Flags |
---|---|---|---|---|---|---|
r-devel-linux-x86_64-debian-clang | 0.1-0 | 3.75 | 47.49 | 51.23 | OK | |
r-devel-linux-x86_64-debian-gcc | 0.1-0 | 4.18 | 46.48 | 50.66 | OK | |
r-devel-linux-x86_64-fedora-clang | 0.1-0 | 106.99 | OK | --no-stop-on-test-error | ||
r-devel-linux-x86_64-fedora-gcc | 0.1-0 | 98.87 | OK | --no-stop-on-test-error | ||
r-devel-macos-x86_64-clang | 0.1-0 | 76.13 | OK | --no-stop-on-test-error | ||
r-devel-windows-ix86+x86_64 | 0.1-0 | 22.00 | 105.00 | 127.00 | OK | |
r-patched-linux-x86_64 | 0.1-0 | 3.50 | 41.05 | 44.55 | OK | |
r-patched-solaris-sparc | 0.1-0 | 513.60 | OK | |||
r-patched-solaris-x86 | 0.1-0 | 125.70 | OK | |||
r-release-linux-x86_64 | 0.1-0 | 3.44 | 39.89 | 43.33 | OK | |
r-release-osx-x86_64-mavericks | 0.1-0 | OK | ||||
r-release-windows-ix86+x86_64 | 0.1-0 | 14.00 | 65.00 | 79.00 | OK | |
r-oldrel-windows-ix86+x86_64 | 0.1-0 | 1.00 | 4.00 | 5.00 | ERROR |
Version: 0.1-0
Check: package dependencies
Result: ERROR
Package required but not available: 'sf'
See section 'The DESCRIPTION file' in the 'Writing R Extensions'
manual.
Flavor: r-oldrel-windows-ix86+x86_64