CRAN Package Check Results for Package lvplot

Last updated on 2017-02-24 23:52:35.

Flavor Version Tinstall Tcheck Ttotal Status Flags
r-devel-linux-x86_64-debian-clang 0.2.0 40.74 30.08 70.81 OK
r-devel-linux-x86_64-debian-gcc 0.2.0 37.52 29.04 66.56 OK
r-devel-linux-x86_64-fedora-clang 0.2.0 124.44 OK --no-stop-on-test-error
r-devel-linux-x86_64-fedora-gcc 0.2.0 117.36 OK --no-stop-on-test-error
r-devel-macos-x86_64-clang 0.2.0 96.84 OK --no-stop-on-test-error
r-devel-windows-ix86+x86_64 0.2.0 82.00 72.00 154.00 OK
r-patched-linux-x86_64 0.2.0 37.42 23.17 60.60 OK
r-patched-solaris-sparc 0.2.0 889.10 OK
r-patched-solaris-x86 0.2.0 223.10 OK
r-release-linux-x86_64 0.2.0 37.41 22.99 60.40 OK
r-release-osx-x86_64-mavericks 0.2.0 NOTE
r-release-windows-ix86+x86_64 0.2.0 73.00 46.00 119.00 OK
r-oldrel-windows-ix86+x86_64 0.2.0 72.00 62.00 134.00 OK

Check Details

Version: 0.2.0
Check: dependencies in R code
Result: NOTE
    Invalid MIT-MAGIC-COOKIE-1 key
Flavor: r-release-osx-x86_64-mavericks