CRAN Package Check Results for Package mapdata

Last updated on 2017-02-24 23:52:36.

Flavor Version Tinstall Tcheck Ttotal Status Flags
r-devel-linux-x86_64-debian-clang 2.2-6 10.85 13.22 24.07 OK
r-devel-linux-x86_64-debian-gcc 2.2-6 10.76 12.21 22.97 OK
r-devel-linux-x86_64-fedora-clang 2.2-6 38.46 NOTE --no-stop-on-test-error
r-devel-linux-x86_64-fedora-gcc 2.2-6 37.26 NOTE --no-stop-on-test-error
r-devel-macos-x86_64-clang 2.2-6 35.39 NOTE --no-stop-on-test-error
r-devel-windows-ix86+x86_64 2.2-6 85.00 39.00 124.00 NOTE
r-patched-linux-x86_64 2.2-6 10.72 10.91 21.63 OK
r-patched-solaris-sparc 2.2-6 226.80 NOTE
r-patched-solaris-x86 2.2-6 51.70 NOTE
r-release-linux-x86_64 2.2-6 11.00 10.51 21.51 OK
r-release-osx-x86_64-mavericks 2.2-6 NOTE
r-release-windows-ix86+x86_64 2.2-6 76.00 26.00 102.00 NOTE
r-oldrel-windows-ix86+x86_64 2.2-6 83.00 56.00 139.00 NOTE

Check Details

Version: 2.2-6
Flags: --no-stop-on-test-error
Check: installed package size
Result: NOTE
     installed size is 32.7Mb
     sub-directories of 1Mb or more:
     mapdata 32.6Mb
Flavors: r-devel-linux-x86_64-fedora-clang, r-devel-linux-x86_64-fedora-gcc, r-devel-macos-x86_64-clang

Version: 2.2-6
Check: installed package size
Result: NOTE
     installed size is 32.7Mb
     sub-directories of 1Mb or more:
     mapdata 32.6Mb
Flavors: r-devel-windows-ix86+x86_64, r-patched-solaris-sparc, r-patched-solaris-x86, r-release-osx-x86_64-mavericks, r-release-windows-ix86+x86_64, r-oldrel-windows-ix86+x86_64