Last updated on 2017-02-24 23:52:36.
Flavor | Version | Tinstall | Tcheck | Ttotal | Status | Flags |
---|---|---|---|---|---|---|
r-devel-linux-x86_64-debian-clang | 1.2-4 | 4.66 | 11.95 | 16.61 | NOTE | |
r-devel-linux-x86_64-debian-gcc | 1.2-4 | 3.75 | 12.44 | 16.19 | NOTE | |
r-devel-linux-x86_64-fedora-clang | 1.2-4 | 26.95 | NOTE | --no-stop-on-test-error | ||
r-devel-linux-x86_64-fedora-gcc | 1.2-4 | 24.44 | NOTE | --no-stop-on-test-error | ||
r-devel-macos-x86_64-clang | 1.2-4 | 22.35 | NOTE | --no-stop-on-test-error | ||
r-devel-windows-ix86+x86_64 | 1.2-4 | 96.00 | 45.00 | 141.00 | OK | |
r-patched-linux-x86_64 | 1.2-4 | 3.42 | 10.21 | 13.63 | OK | |
r-patched-solaris-sparc | 1.2-4 | 128.90 | OK | |||
r-patched-solaris-x86 | 1.2-4 | 32.60 | OK | |||
r-release-linux-x86_64 | 1.2-4 | 3.45 | 9.55 | 12.99 | OK | |
r-release-osx-x86_64-mavericks | 1.2-4 | OK | ||||
r-release-windows-ix86+x86_64 | 1.2-4 | 58.00 | 29.00 | 87.00 | OK | |
r-oldrel-windows-ix86+x86_64 | 1.2-4 | 85.00 | 77.00 | 162.00 | OK |
Version: 1.2-4
Check: compiled code
Result: NOTE
File ‘mapproj/libs/mapproj.so’:
Found no calls to: ‘R_registerRoutines’, ‘R_useDynamicSymbols’
It is good practice to register native routines and to disable symbol
search.
See ‘Writing portable packages’ in the ‘Writing R Extensions’ manual.
Flavors: r-devel-linux-x86_64-debian-clang, r-devel-linux-x86_64-debian-gcc
Version: 1.2-4
Flags: --no-stop-on-test-error
Check: compiled code
Result: NOTE
File ‘mapproj/libs/mapproj.so’:
Found no calls to: ‘R_registerRoutines’, ‘R_useDynamicSymbols’
It is good practice to register native routines and to disable symbol
search.
See ‘Writing portable packages’ in the ‘Writing R Extensions’ manual.
Flavors: r-devel-linux-x86_64-fedora-clang, r-devel-linux-x86_64-fedora-gcc, r-devel-macos-x86_64-clang